Last updated on 2025-11-03 15:49:30 CET.
| Flavor | Version | Tinstall | Tcheck | Ttotal | Status | Flags |
|---|---|---|---|---|---|---|
| r-devel-linux-x86_64-debian-clang | 0.0.3 | 6.91 | 76.65 | 83.56 | NOTE | |
| r-devel-linux-x86_64-debian-gcc | 0.0.3 | 5.72 | 55.10 | 60.82 | NOTE | |
| r-devel-linux-x86_64-fedora-clang | 0.0.3 | 31.00 | 101.06 | 132.06 | OK | |
| r-devel-linux-x86_64-fedora-gcc | 0.0.3 | 16.00 | 103.45 | 119.45 | OK | |
| r-devel-windows-x86_64 | 0.0.3 | 8.00 | 81.00 | 89.00 | OK | |
| r-patched-linux-x86_64 | 0.0.3 | 6.48 | 72.88 | 79.36 | OK | |
| r-release-linux-x86_64 | 0.0.3 | 7.22 | 71.89 | 79.11 | OK | |
| r-release-macos-arm64 | 0.0.3 | 4.00 | 42.00 | 46.00 | OK | |
| r-release-macos-x86_64 | 0.0.3 | 6.00 | 68.00 | 74.00 | OK | |
| r-release-windows-x86_64 | 0.0.3 | 10.00 | 76.00 | 86.00 | OK | |
| r-oldrel-macos-arm64 | 0.0.3 | 3.00 | 33.00 | 36.00 | OK | |
| r-oldrel-macos-x86_64 | 0.0.3 | 5.00 | 50.00 | 55.00 | OK | |
| r-oldrel-windows-x86_64 | 0.0.3 | 10.00 | 101.00 | 111.00 | OK |
Version: 0.0.3
Check: DESCRIPTION meta-information
Result: NOTE
Author field differs from that derived from Authors@R
Author: ‘Pedro C. Brom [aut, cre, cph] (<https://orcid.org/0000-0002-1288-7695>, http://lattes.cnpq.br/0154064396756002), Cira E. G. Otiniano [aut, cph] (<https://orcid.org/0000-0002-5619-0478>, http://lattes.cnpq.br/0307717595727716), Roberto Vila [aut, cph] (<https://orcid.org/0000-0003-1073-0114>, http://lattes.cnpq.br/4978745622057574), Marcelo B. Pereira [aut, cph] (<https://orcid.org/0000-0002-1182-5193>, https://lattes.cnpq.br/9358366674842900)’
Authors@R: ‘Pedro C. Brom [aut, cre, cph] (ORCID: <https://orcid.org/0000-0002-1288-7695>, Lattes: http://lattes.cnpq.br/0154064396756002), Cira E. G. Otiniano [aut, cph] (ORCID: <https://orcid.org/0000-0002-5619-0478>, Lattes: http://lattes.cnpq.br/0307717595727716), Roberto Vila [aut, cph] (ORCID: <https://orcid.org/0000-0003-1073-0114>, Lattes: http://lattes.cnpq.br/4978745622057574), Marcelo B. Pereira [aut, cph] (ORCID: <https://orcid.org/0000-0002-1182-5193>, Lattes: https://lattes.cnpq.br/9358366674842900)’
Flavors: r-devel-linux-x86_64-debian-clang, r-devel-linux-x86_64-debian-gcc