CRAN Package Check Results for Package betafunctions

Last updated on 2025-10-21 17:49:43 CEST.

Flavor Version Tinstall Tcheck Ttotal Status Flags
r-devel-linux-x86_64-debian-clang 1.9.0 6.28 47.71 53.99 NOTE
r-devel-linux-x86_64-debian-gcc 1.9.0 3.50 32.62 36.12 NOTE
r-devel-linux-x86_64-fedora-clang 1.9.0 27.00 57.78 84.78 OK
r-devel-linux-x86_64-fedora-gcc 1.9.0 11.00 65.88 76.88 OK
r-devel-windows-x86_64 1.9.0 7.00 69.00 76.00 OK
r-patched-linux-x86_64 1.9.0 5.69 44.31 50.00 OK
r-release-linux-x86_64 1.9.0 4.53 44.71 49.24 OK
r-release-macos-arm64 1.9.0 2.00 21.00 23.00 OK
r-release-macos-x86_64 1.9.0 8.00 59.00 67.00 OK
r-release-windows-x86_64 1.9.0 7.00 72.00 79.00 OK
r-oldrel-macos-arm64 1.9.0 2.00 26.00 28.00 OK
r-oldrel-macos-x86_64 1.9.0 4.00 31.00 35.00 OK
r-oldrel-windows-x86_64 1.9.0 6.00 67.00 73.00 OK

Check Details

Version: 1.9.0
Check: CRAN incoming feasibility
Result: NOTE Maintainer: ‘Haakon Eidem Haakstad <h.e.haakstad@gmail.com>’ No Authors@R field in DESCRIPTION. Please add one, modifying Authors@R: person(given = c("Haakon", "Eidem"), family = "Haakstad", role = c("aut", "cre"), email = "h.e.haakstad@gmail.com") as necessary. Flavors: r-devel-linux-x86_64-debian-clang, r-devel-linux-x86_64-debian-gcc

Version: 1.9.0
Check: HTML version of manual
Result: NOTE Found the following HTML validation problems: dBetacBinom.html:76:1 (dBetacBinom.Rd:28): Warning: missing </ul> before </div> Flavors: r-devel-linux-x86_64-debian-clang, r-devel-linux-x86_64-debian-gcc