Last updated on 2025-11-20 20:49:46 CET.
| Flavor | Version | Tinstall | Tcheck | Ttotal | Status | Flags |
|---|---|---|---|---|---|---|
| r-devel-linux-x86_64-debian-clang | 1.3.1 | 2.17 | 33.69 | 35.86 | NOTE | |
| r-devel-linux-x86_64-debian-gcc | 1.3.1 | 1.73 | 27.14 | 28.87 | NOTE | |
| r-devel-linux-x86_64-fedora-clang | 1.3.1 | 52.32 | OK | |||
| r-devel-linux-x86_64-fedora-gcc | 1.3.1 | 64.48 | OK | |||
| r-devel-windows-x86_64 | 1.3.1 | 4.00 | 67.00 | 71.00 | OK | |
| r-patched-linux-x86_64 | 1.3.1 | 2.40 | 32.18 | 34.58 | OK | |
| r-release-linux-x86_64 | 1.3.1 | 1.98 | 32.39 | 34.37 | OK | |
| r-release-macos-arm64 | 1.3.1 | OK | ||||
| r-release-macos-x86_64 | 1.3.1 | 4.00 | 90.00 | 94.00 | OK | |
| r-release-windows-x86_64 | 1.3.1 | 4.00 | 66.00 | 70.00 | OK | |
| r-oldrel-macos-arm64 | 1.3.1 | OK | ||||
| r-oldrel-macos-x86_64 | 1.3.1 | 3.00 | 61.00 | 64.00 | OK | |
| r-oldrel-windows-x86_64 | 1.3.1 | 3.00 | 75.00 | 78.00 | OK |
Version: 1.3.1
Check: CRAN incoming feasibility
Result: NOTE
Maintainer: ‘Peter Kampstra <beanplot@kampstra.net>’
No Authors@R field in DESCRIPTION.
Please add one, modifying
Authors@R: person(given = "Peter",
family = "Kampstra",
role = c("aut", "cre"),
email = "beanplot@kampstra.net")
as necessary.
Package CITATION file contains call(s) to old-style personList() or
as.personList(). Please use c() on person objects instead.
Package CITATION file contains call(s) to old-style citEntry(). Please
use bibentry() instead.
Flavors: r-devel-linux-x86_64-debian-clang, r-devel-linux-x86_64-debian-gcc