Last updated on 2025-10-21 17:49:42 CEST.
Flavor | Version | Tinstall | Tcheck | Ttotal | Status | Flags |
---|---|---|---|---|---|---|
r-devel-linux-x86_64-debian-clang | 1.0.2 | 4.69 | 36.76 | 41.45 | NOTE | |
r-devel-linux-x86_64-debian-gcc | 1.0.2 | 3.85 | 26.33 | 30.18 | NOTE | |
r-devel-linux-x86_64-fedora-clang | 1.0.2 | 23.00 | 44.73 | 67.73 | OK | |
r-devel-linux-x86_64-fedora-gcc | 1.0.2 | 11.00 | 48.36 | 59.36 | OK | |
r-devel-windows-x86_64 | 1.0.2 | 12.00 | 55.00 | 67.00 | OK | |
r-patched-linux-x86_64 | 1.0.2 | 4.64 | 34.09 | 38.73 | OK | |
r-release-linux-x86_64 | 1.0.2 | 4.36 | 34.36 | 38.72 | OK | |
r-release-macos-arm64 | 1.0.2 | 4.00 | 20.00 | 24.00 | OK | |
r-release-macos-x86_64 | 1.0.2 | 5.00 | 53.00 | 58.00 | OK | |
r-release-windows-x86_64 | 1.0.2 | 10.00 | 57.00 | 67.00 | OK | |
r-oldrel-macos-arm64 | 1.0.2 | 4.00 | 24.00 | 28.00 | OK | |
r-oldrel-macos-x86_64 | 1.0.2 | 6.00 | 46.00 | 52.00 | OK | |
r-oldrel-windows-x86_64 | 1.0.2 | 13.00 | 66.00 | 79.00 | OK |
Version: 1.0.2
Check: CRAN incoming feasibility
Result: NOTE
Maintainer: ‘Michal Burdukiewicz <michalburdukiewicz@gmail.com>’
The Description field contains
article (at <arXiv:0908.2062>) and Perry's 2009 PhD thesis (at
<arXiv:0909.3052>).
Please refer to arXiv e-prints via their arXiv DOI <doi:10.48550/arXiv.YYMM.NNNNN>.
Flavors: r-devel-linux-x86_64-debian-clang, r-devel-linux-x86_64-debian-gcc