Last updated on 2025-11-15 12:49:30 CET.
| Flavor | Version | Tinstall | Tcheck | Ttotal | Status | Flags |
|---|---|---|---|---|---|---|
| r-devel-linux-x86_64-debian-clang | 0.3.0 | 109.91 | 27.52 | 137.43 | OK | |
| r-devel-linux-x86_64-debian-gcc | 0.3.0 | 72.94 | 20.92 | 93.86 | OK | |
| r-devel-linux-x86_64-fedora-clang | 0.3.0 | 282.00 | -12.03 | 269.97 | OK | |
| r-devel-linux-x86_64-fedora-gcc | 0.3.0 | 184.00 | 60.57 | 244.57 | OK | |
| r-devel-windows-x86_64 | 0.3.0 | 131.00 | 65.00 | 196.00 | OK | |
| r-patched-linux-x86_64 | 0.3.0 | 111.91 | 25.16 | 137.07 | OK | |
| r-release-linux-x86_64 | 0.3.0 | 109.43 | 24.95 | 134.38 | OK | |
| r-release-macos-arm64 | 0.3.0 | 48.00 | 18.00 | 66.00 | OK | |
| r-release-macos-x86_64 | 0.3.0 | 31.00 | 27.00 | 58.00 | OK | |
| r-release-windows-x86_64 | 0.3.0 | 120.00 | 62.00 | 182.00 | OK | |
| r-oldrel-macos-arm64 | 0.3.0 | 34.00 | 23.00 | 57.00 | NOTE | |
| r-oldrel-macos-x86_64 | 0.3.0 | 45.00 | 32.00 | 77.00 | NOTE | |
| r-oldrel-windows-x86_64 | 0.3.0 | 146.00 | 80.00 | 226.00 | OK |
Version: 0.3.0
Check: installed package size
Result: NOTE
installed size is 5.5Mb
sub-directories of 1Mb or more:
libs 5.4Mb
Flavors: r-oldrel-macos-arm64, r-oldrel-macos-x86_64