Last updated on 2025-11-21 14:49:38 CET.
| Flavor | Version | Tinstall | Tcheck | Ttotal | Status | Flags |
|---|---|---|---|---|---|---|
| r-devel-linux-x86_64-debian-clang | 0.0.5 | 136.95 | 112.93 | 249.88 | OK | |
| r-devel-linux-x86_64-debian-gcc | 0.0.5 | 114.28 | 91.95 | 206.23 | OK | |
| r-devel-linux-x86_64-fedora-clang | 0.0.5 | 235.00 | 140.55 | 375.55 | OK | |
| r-devel-windows-x86_64 | 0.0.5 | 155.00 | 133.00 | 288.00 | OK | |
| r-patched-linux-x86_64 | 0.0.5 | 148.52 | 122.82 | 271.34 | OK | |
| r-release-linux-x86_64 | 0.0.5 | 152.49 | 120.63 | 273.12 | OK | |
| r-release-macos-arm64 | 0.0.5 | OK | ||||
| r-release-macos-x86_64 | 0.0.5 | 131.00 | 69.00 | 200.00 | OK | |
| r-release-windows-x86_64 | 0.0.5 | 142.00 | 132.00 | 274.00 | OK | |
| r-oldrel-macos-arm64 | 0.0.5 | NOTE | ||||
| r-oldrel-macos-x86_64 | 0.0.5 | 85.00 | 55.00 | 140.00 | NOTE | |
| r-oldrel-windows-x86_64 | 0.0.5 | 166.00 | 174.00 | 340.00 | NOTE |
Version: 0.0.5
Check: installed package size
Result: NOTE
installed size is 39.3Mb
sub-directories of 1Mb or more:
libs 39.1Mb
Flavors: r-oldrel-macos-arm64, r-oldrel-macos-x86_64
Version: 0.0.5
Check: for GNU extensions in Makefiles
Result: NOTE
GNU make is a SystemRequirements.
Flavors: r-oldrel-macos-arm64, r-oldrel-macos-x86_64, r-oldrel-windows-x86_64