Last updated on 2025-11-15 12:49:30 CET.
| Flavor | Version | Tinstall | Tcheck | Ttotal | Status | Flags |
|---|---|---|---|---|---|---|
| r-devel-linux-x86_64-debian-clang | 0.1.0 | 7.22 | 138.23 | 145.45 | NOTE | |
| r-devel-linux-x86_64-debian-gcc | 0.1.0 | 4.81 | 89.68 | 94.49 | NOTE | |
| r-devel-linux-x86_64-fedora-clang | 0.1.0 | 17.00 | 209.15 | 226.15 | NOTE | |
| r-devel-linux-x86_64-fedora-gcc | 0.1.0 | 14.00 | 220.01 | 234.01 | NOTE | |
| r-devel-windows-x86_64 | 0.1.0 | 10.00 | 125.00 | 135.00 | OK | |
| r-patched-linux-x86_64 | 0.1.0 | 7.63 | 130.69 | 138.32 | OK | |
| r-release-linux-x86_64 | 0.1.0 | 7.08 | 129.41 | 136.49 | OK | |
| r-release-macos-arm64 | 0.1.0 | 3.00 | 56.00 | 59.00 | OK | |
| r-release-macos-x86_64 | 0.1.0 | 5.00 | 115.00 | 120.00 | OK | |
| r-release-windows-x86_64 | 0.1.0 | 8.00 | 126.00 | 134.00 | OK | |
| r-oldrel-macos-arm64 | 0.1.0 | 3.00 | 56.00 | 59.00 | OK | |
| r-oldrel-macos-x86_64 | 0.1.0 | 4.00 | 82.00 | 86.00 | OK | |
| r-oldrel-windows-x86_64 | 0.1.0 | 12.00 | 160.00 | 172.00 | OK |
Version: 0.1.0
Check: CRAN incoming feasibility
Result: NOTE
Maintainer: ‘Deepankar Basu <dbasu@umass.edu>’
The Description field contains
to the method of Basu (2022) <arXiv:2203.12431>. You supply the data,
Please refer to arXiv e-prints via their arXiv DOI <doi:10.48550/arXiv.YYMM.NNNNN>.
Flavors: r-devel-linux-x86_64-debian-clang, r-devel-linux-x86_64-debian-gcc
Version: 0.1.0
Check: dependencies in R code
Result: NOTE
Namespace in Imports field not imported from: ‘vtable’
All declared Imports should be used.
Flavors: r-devel-linux-x86_64-fedora-clang, r-devel-linux-x86_64-fedora-gcc