Last updated on 2025-07-22 09:50:28 CEST.
Flavor | Version | Tinstall | Tcheck | Ttotal | Status | Flags |
---|---|---|---|---|---|---|
r-devel-linux-x86_64-debian-clang | 0.1.0 | 6.69 | 128.50 | 135.19 | NOTE | |
r-devel-linux-x86_64-debian-gcc | 0.1.0 | 4.68 | 87.21 | 91.89 | NOTE | |
r-devel-linux-x86_64-fedora-clang | 0.1.0 | 219.43 | NOTE | |||
r-devel-linux-x86_64-fedora-gcc | 0.1.0 | 215.37 | NOTE | |||
r-devel-windows-x86_64 | 0.1.0 | 8.00 | 113.00 | 121.00 | OK | |
r-patched-linux-x86_64 | 0.1.0 | 6.49 | 120.45 | 126.94 | OK | |
r-release-linux-x86_64 | 0.1.0 | 6.52 | 120.50 | 127.02 | OK | |
r-release-macos-arm64 | 0.1.0 | 59.00 | OK | |||
r-release-macos-x86_64 | 0.1.0 | 120.00 | OK | |||
r-release-windows-x86_64 | 0.1.0 | 8.00 | 114.00 | 122.00 | OK | |
r-oldrel-macos-arm64 | 0.1.0 | 59.00 | OK | |||
r-oldrel-macos-x86_64 | 0.1.0 | 86.00 | OK | |||
r-oldrel-windows-x86_64 | 0.1.0 | 11.00 | 156.00 | 167.00 | OK |
Version: 0.1.0
Check: CRAN incoming feasibility
Result: NOTE
Maintainer: ‘Deepankar Basu <dbasu@umass.edu>’
The Description field contains
to the method of Basu (2022) <arXiv:2203.12431>. You supply the data,
Please refer to arXiv e-prints via their arXiv DOI <doi:10.48550/arXiv.YYMM.NNNNN>.
Flavors: r-devel-linux-x86_64-debian-clang, r-devel-linux-x86_64-debian-gcc
Version: 0.1.0
Check: dependencies in R code
Result: NOTE
Namespace in Imports field not imported from: ‘vtable’
All declared Imports should be used.
Flavors: r-devel-linux-x86_64-fedora-clang, r-devel-linux-x86_64-fedora-gcc