CRAN Package Check Results for Package bandit

Last updated on 2025-11-16 12:49:24 CET.

Flavor Version Tinstall Tcheck Ttotal Status Flags
r-devel-linux-x86_64-debian-clang 0.5.1 1.74 23.15 24.89 NOTE
r-devel-linux-x86_64-debian-gcc 0.5.1 1.72 18.60 20.32 NOTE
r-devel-linux-x86_64-fedora-clang 0.5.1 37.13 OK
r-devel-linux-x86_64-fedora-gcc 0.5.1 35.06 OK
r-devel-windows-x86_64 0.5.1 5.00 42.00 47.00 OK
r-patched-linux-x86_64 0.5.1 2.18 21.46 23.64 OK
r-release-linux-x86_64 0.5.1 1.83 21.56 23.39 OK
r-release-macos-arm64 0.5.1 2.00 16.00 18.00 OK
r-release-macos-x86_64 0.5.1 2.00 26.00 28.00 OK
r-release-windows-x86_64 0.5.1 3.00 43.00 46.00 OK
r-oldrel-macos-arm64 0.5.1 1.00 16.00 17.00 OK
r-oldrel-macos-x86_64 0.5.1 2.00 21.00 23.00 OK
r-oldrel-windows-x86_64 0.5.1 5.00 49.00 54.00 OK

Check Details

Version: 0.5.1
Check: CRAN incoming feasibility
Result: NOTE Maintainer: ‘Markus Loecher <markus.loecher@gmail.com>’ No Authors@R field in DESCRIPTION. Please add one, modifying Authors@R: c(person(given = "Thomas", family = "Lotze", role = "aut"), person(given = "Markus", family = "Loecher", role = c("aut", "cre"), email = "markus.loecher@gmail.com")) as necessary. Flavors: r-devel-linux-x86_64-debian-clang, r-devel-linux-x86_64-debian-gcc