Last updated on 2025-10-31 20:48:33 CET.
| Flavor | Version | Tinstall | Tcheck | Ttotal | Status | Flags |
|---|---|---|---|---|---|---|
| r-devel-linux-x86_64-debian-clang | 0.5.0 | 54.43 | 466.45 | 520.88 | OK | |
| r-devel-linux-x86_64-debian-gcc | 0.5.0 | 40.66 | 289.06 | 329.72 | OK | |
| r-devel-linux-x86_64-fedora-clang | 0.5.0 | 145.00 | 684.77 | 829.77 | NOTE | |
| r-devel-linux-x86_64-fedora-gcc | 0.5.0 | 129.00 | 705.76 | 834.76 | NOTE | |
| r-devel-windows-x86_64 | 0.5.0 | 64.00 | 433.00 | 497.00 | OK | |
| r-patched-linux-x86_64 | 0.5.0 | 59.98 | 435.80 | 495.78 | OK | |
| r-release-linux-x86_64 | 0.5.0 | 59.89 | 439.76 | 499.65 | OK | |
| r-release-macos-arm64 | 0.5.0 | 26.00 | 210.00 | 236.00 | OK | |
| r-release-macos-x86_64 | 0.5.0 | 51.00 | 718.00 | 769.00 | OK | |
| r-release-windows-x86_64 | 0.5.0 | 63.00 | 434.00 | 497.00 | OK | |
| r-oldrel-macos-arm64 | 0.5.0 | 26.00 | 218.00 | 244.00 | OK | |
| r-oldrel-macos-x86_64 | 0.5.0 | 70.00 | 641.00 | 711.00 | OK | |
| r-oldrel-windows-x86_64 | 0.5.0 | 83.00 | 592.00 | 675.00 | OK |
Version: 0.5.0
Check: dependencies in R code
Result: NOTE
Namespaces in Imports field not imported from:
‘crosstalk’ ‘plotly’
All declared Imports should be used.
Flavors: r-devel-linux-x86_64-fedora-clang, r-devel-linux-x86_64-fedora-gcc