Last updated on 2025-10-21 23:50:48 CEST.
Flavor | Version | Tinstall | Tcheck | Ttotal | Status | Flags |
---|---|---|---|---|---|---|
r-devel-linux-x86_64-debian-clang | 0.7.11 | 668.79 | 312.06 | 980.85 | NOTE | |
r-devel-linux-x86_64-debian-gcc | 0.7.11 | 592.42 | 274.29 | 866.71 | NOTE | |
r-devel-linux-x86_64-fedora-clang | 0.7.11 | 1560.00 | -50.77 | 1509.23 | OK | |
r-devel-linux-x86_64-fedora-gcc | 0.7.11 | 1980.00 | 46.29 | 2026.29 | OK | |
r-devel-windows-x86_64 | 0.7.11 | 712.00 | 393.00 | 1105.00 | OK | |
r-patched-linux-x86_64 | 0.7.11 | 784.52 | 373.54 | 1158.06 | OK | |
r-release-linux-x86_64 | 0.7.11 | 761.28 | 374.19 | 1135.47 | OK | |
r-release-macos-arm64 | 0.7.11 | 248.00 | 76.00 | 324.00 | OK | |
r-release-macos-x86_64 | 0.7.11 | 228.00 | 253.00 | 481.00 | OK | |
r-release-windows-x86_64 | 0.7.11 | 704.00 | 389.00 | 1093.00 | OK | |
r-oldrel-macos-arm64 | 0.7.11 | 347.00 | 118.00 | 465.00 | NOTE | |
r-oldrel-macos-x86_64 | 0.7.11 | 210.00 | 218.00 | 428.00 | NOTE | |
r-oldrel-windows-x86_64 | 0.7.11 | 799.00 | 493.00 | 1292.00 | NOTE |
Version: 0.7.11
Check: HTML version of manual
Result: NOTE
Found the following HTML validation problems:
add_color_to_plot.html:50:1 (add_color_to_plot.Rd:12): Warning: missing </ul> before </div>
is.baggr_cv.html:46:1 (is.baggr_cv.Rd:10): Warning: missing </ul> before </div>
plot.baggr_compare.html:131:1 (plot.baggr_compare.Rd:66): Warning: missing </ul> before </div>
print.baggr.html:75:1 (print.baggr.Rd:25): Warning: missing </ul> before </div>
print.baggr_compare.html:55:1 (print.baggr_compare.Rd:14): Warning: missing </ul> before </div>
print.baggr_cv.html:55:1 (print.baggr_cv.Rd:14): Warning: missing </ul> before </div>
print.compare_baggr_cv.html:55:1 (print.compare_baggr_cv.Rd:14): Warning: missing </ul> before </div>
random_effects.html:48:1 (random_effects.Rd:10): Warning: missing </ul> before </div>
set_prior_val.html:65:1 (set_prior_val.Rd:21): Warning: missing </ul> before </div>
Flavors: r-devel-linux-x86_64-debian-clang, r-devel-linux-x86_64-debian-gcc
Version: 0.7.11
Check: installed package size
Result: NOTE
installed size is 134.4Mb
sub-directories of 1Mb or more:
libs 132.6Mb
Flavors: r-oldrel-macos-arm64, r-oldrel-macos-x86_64, r-oldrel-windows-x86_64
Version: 0.7.11
Check: for GNU extensions in Makefiles
Result: NOTE
GNU make is a SystemRequirements.
Flavors: r-oldrel-macos-arm64, r-oldrel-macos-x86_64