Last updated on 2025-10-31 20:48:33 CET.
| Flavor | Version | Tinstall | Tcheck | Ttotal | Status | Flags | 
|---|---|---|---|---|---|---|
| r-devel-linux-x86_64-debian-clang | 1.1 | 41.44 | 74.36 | 115.80 | OK | |
| r-devel-linux-x86_64-debian-gcc | 1.1 | 35.20 | 53.98 | 89.18 | OK | |
| r-devel-linux-x86_64-fedora-clang | 1.1 | 100.00 | 89.09 | 189.09 | OK | |
| r-devel-linux-x86_64-fedora-gcc | 1.1 | 105.00 | 102.12 | 207.12 | OK | |
| r-devel-windows-x86_64 | 1.1 | 48.00 | 111.00 | 159.00 | OK | |
| r-patched-linux-x86_64 | 1.1 | 52.20 | 73.14 | 125.34 | OK | |
| r-release-linux-x86_64 | 1.1 | 48.68 | 72.06 | 120.74 | OK | |
| r-release-macos-arm64 | 1.1 | 22.00 | 31.00 | 53.00 | OK | |
| r-release-macos-x86_64 | 1.1 | 42.00 | 58.00 | 100.00 | OK | |
| r-release-windows-x86_64 | 1.1 | 52.00 | 111.00 | 163.00 | OK | |
| r-oldrel-macos-arm64 | 1.1 | 19.00 | 36.00 | 55.00 | NOTE | |
| r-oldrel-macos-x86_64 | 1.1 | 42.00 | 64.00 | 106.00 | NOTE | |
| r-oldrel-windows-x86_64 | 1.1 | 59.00 | 136.00 | 195.00 | OK | 
Version: 1.1
Check: installed package size
Result: NOTE
    installed size is 10.4Mb
    sub-directories of 1Mb or more:
      libs  10.1Mb
Flavors: r-oldrel-macos-arm64, r-oldrel-macos-x86_64