Last updated on 2025-10-31 07:51:40 CET.
| Flavor | Version | Tinstall | Tcheck | Ttotal | Status | Flags | 
|---|---|---|---|---|---|---|
| r-devel-linux-x86_64-debian-clang | 1.0.0 | 2.38 | 26.53 | 28.91 | NOTE | |
| r-devel-linux-x86_64-debian-gcc | 1.0.0 | 1.67 | 21.01 | 22.68 | NOTE | |
| r-devel-linux-x86_64-fedora-clang | 1.0.0 | 44.92 | OK | |||
| r-devel-linux-x86_64-fedora-gcc | 1.0.0 | 44.01 | OK | |||
| r-devel-windows-x86_64 | 1.0.0 | 4.00 | 48.00 | 52.00 | OK | |
| r-patched-linux-x86_64 | 1.0.0 | 2.38 | 25.43 | 27.81 | OK | |
| r-release-linux-x86_64 | 1.0.0 | 2.23 | 25.59 | 27.82 | OK | |
| r-release-macos-arm64 | 1.0.0 | 2.00 | 20.00 | 22.00 | OK | |
| r-release-macos-x86_64 | 1.0.0 | 4.00 | 32.00 | 36.00 | OK | |
| r-release-windows-x86_64 | 1.0.0 | 5.00 | 49.00 | 54.00 | OK | |
| r-oldrel-macos-arm64 | 1.0.0 | 2.00 | 20.00 | 22.00 | NOTE | |
| r-oldrel-macos-x86_64 | 1.0.0 | 3.00 | 34.00 | 37.00 | NOTE | |
| r-oldrel-windows-x86_64 | 1.0.0 | 5.00 | 61.00 | 66.00 | NOTE | 
Version: 1.0.0
Check: CRAN incoming feasibility
Result: NOTE
  Maintainer: ‘J. Jack Lee <jjlee@mdanderson.org>’
  
  No Authors@R field in DESCRIPTION.
  Please add one, modifying
    Authors@R: c(person(given = "Nan",
                        family = "Chen",
                        role = "aut"),
                 person(given = c("J.", "Jack"),
                        family = "Lee",
                        role = c("aut", "cre"),
                        email = "jjlee@mdanderson.org"))
  as necessary.
Flavors: r-devel-linux-x86_64-debian-clang, r-devel-linux-x86_64-debian-gcc
Version: 1.0.0
Check: LazyData
Result: NOTE
    'LazyData' is specified without a 'data' directory
Flavors: r-oldrel-macos-arm64, r-oldrel-macos-x86_64, r-oldrel-windows-x86_64