Last updated on 2025-10-30 13:48:32 CET.
| Flavor | Version | Tinstall | Tcheck | Ttotal | Status | Flags |
|---|---|---|---|---|---|---|
| r-devel-linux-x86_64-debian-clang | 2.2.13 | 221.93 | 69.41 | 291.34 | NOTE | |
| r-devel-linux-x86_64-debian-gcc | 2.2.13 | 210.65 | 65.25 | 275.90 | NOTE | |
| r-devel-linux-x86_64-fedora-clang | 2.2.14 | 194.00 | 107.18 | 301.18 | OK | |
| r-devel-linux-x86_64-fedora-gcc | 2.2.14 | 479.00 | 90.60 | 569.60 | OK | |
| r-devel-windows-x86_64 | 2.2.13 | 198.00 | 118.00 | 316.00 | OK | |
| r-patched-linux-x86_64 | 2.2.13 | 258.07 | 88.49 | 346.56 | NOTE | |
| r-release-linux-x86_64 | 2.2.13 | 250.04 | 87.85 | 337.89 | NOTE | |
| r-release-macos-arm64 | 2.2.14 | 91.00 | 30.00 | 121.00 | OK | |
| r-release-macos-x86_64 | 2.2.14 | 424.00 | 117.00 | 541.00 | OK | |
| r-release-windows-x86_64 | 2.2.13 | 201.00 | 115.00 | 316.00 | OK | |
| r-oldrel-macos-arm64 | 2.2.14 | 89.00 | 36.00 | 125.00 | NOTE | |
| r-oldrel-macos-x86_64 | 2.2.14 | 196.00 | 65.00 | 261.00 | NOTE | |
| r-oldrel-windows-x86_64 | 2.2.13 | 240.00 | 140.00 | 380.00 | OK |
Version: 2.2.13
Check: for unstated dependencies in ‘demo’
Result: NOTE
'data(package=)' call not declared from: ‘NAM’
Flavors: r-devel-linux-x86_64-debian-clang, r-devel-linux-x86_64-debian-gcc, r-patched-linux-x86_64, r-release-linux-x86_64
Version: 2.2.14
Check: installed package size
Result: NOTE
installed size is 131.1Mb
sub-directories of 1Mb or more:
libs 130.7Mb
Flavors: r-oldrel-macos-arm64, r-oldrel-macos-x86_64