CRAN Package Check Results for Package aws.transcribe

Last updated on 2025-11-21 21:49:34 CET.

Flavor Version Tinstall Tcheck Ttotal Status Flags
r-devel-linux-x86_64-debian-clang 0.1.3 1.95 24.56 26.51 NOTE
r-devel-linux-x86_64-debian-gcc 0.1.3 1.42 20.93 22.35 NOTE
r-devel-linux-x86_64-fedora-clang 0.1.3 36.02 OK
r-devel-windows-x86_64 0.1.3 7.00 63.00 70.00 OK
r-patched-linux-x86_64 0.1.3 1.78 22.36 24.14 OK
r-release-linux-x86_64 0.1.3 1.70 22.22 23.92 OK
r-release-macos-arm64 0.1.3 OK
r-release-macos-x86_64 0.1.3 2.00 29.00 31.00 OK
r-release-windows-x86_64 0.1.3 6.00 60.00 66.00 OK
r-oldrel-macos-arm64 0.1.3 OK
r-oldrel-macos-x86_64 0.1.3 5.00 23.00 28.00 OK
r-oldrel-windows-x86_64 0.1.3 6.00 66.00 72.00 OK

Check Details

Version: 0.1.3
Check: CRAN incoming feasibility
Result: NOTE Maintainer: ‘Antoine Sachet <antoine.sac@gmail.com>’ Package CITATION file contains call(s) to old-style personList() or as.personList(). Please use c() on person objects instead. Package CITATION file contains call(s) to old-style citEntry(). Please use bibentry() instead. Flavors: r-devel-linux-x86_64-debian-clang, r-devel-linux-x86_64-debian-gcc