Last updated on 2025-11-26 11:51:06 CET.
| Flavor | Version | Tinstall | Tcheck | Ttotal | Status | Flags |
|---|---|---|---|---|---|---|
| r-devel-linux-x86_64-debian-clang | 0.9.11 | 3.07 | 78.63 | 81.70 | NOTE | |
| r-devel-linux-x86_64-debian-gcc | 0.9.11 | 2.43 | 56.73 | 59.16 | NOTE | |
| r-devel-linux-x86_64-fedora-clang | 0.9.11 | 126.55 | NOTE | |||
| r-devel-linux-x86_64-fedora-gcc | 0.9.11 | 127.53 | NOTE | |||
| r-devel-windows-x86_64 | 0.9.11 | 6.00 | 92.00 | 98.00 | OK | |
| r-patched-linux-x86_64 | 0.9.11 | 3.18 | 75.70 | 78.88 | OK | |
| r-release-linux-x86_64 | 0.9.11 | 2.88 | 74.89 | 77.77 | OK | |
| r-release-macos-arm64 | 0.9.11 | OK | ||||
| r-release-macos-x86_64 | 0.9.11 | 3.00 | 71.00 | 74.00 | OK | |
| r-release-windows-x86_64 | 0.9.11 | 5.00 | 91.00 | 96.00 | OK | |
| r-oldrel-macos-arm64 | 0.9.11 | NOTE | ||||
| r-oldrel-macos-x86_64 | 0.9.11 | 2.00 | 88.00 | 90.00 | NOTE | |
| r-oldrel-windows-x86_64 | 0.9.11 | 7.00 | 115.00 | 122.00 | NOTE |
Version: 0.9.11
Check: CRAN incoming feasibility
Result: NOTE
Maintainer: ‘Vivien Roussez <vivien.roussez@gmail.com>’
No Authors@R field in DESCRIPTION.
Please add one, modifying
Authors@R: person(given = "Vivien",
family = "Roussez",
role = c("aut", "cre"),
email = "vivien.roussez@gmail.com")
as necessary.
Flavors: r-devel-linux-x86_64-debian-clang, r-devel-linux-x86_64-debian-gcc
Version: 0.9.11
Check: dependencies in R code
Result: NOTE
Namespaces in Imports field not imported from:
‘plotly’ ‘shinycssloaders’
All declared Imports should be used.
Flavors: r-devel-linux-x86_64-fedora-clang, r-devel-linux-x86_64-fedora-gcc
Version: 0.9.11
Check: LazyData
Result: NOTE
'LazyData' is specified without a 'data' directory
Flavors: r-oldrel-macos-arm64, r-oldrel-macos-x86_64, r-oldrel-windows-x86_64