Last updated on 2025-07-22 09:50:27 CEST.
Flavor | Version | Tinstall | Tcheck | Ttotal | Status | Flags |
---|---|---|---|---|---|---|
r-devel-linux-x86_64-debian-clang | 0.1.1 | 25.33 | 328.56 | 353.89 | NOTE | |
r-devel-linux-x86_64-debian-gcc | 0.1.1 | 15.47 | 210.61 | 226.08 | NOTE | |
r-devel-linux-x86_64-fedora-clang | 0.1.1 | 558.38 | NOTE | |||
r-devel-linux-x86_64-fedora-gcc | 0.1.1 | 549.46 | NOTE | |||
r-devel-windows-x86_64 | 0.1.1 | 20.00 | 259.00 | 279.00 | NOTE | |
r-patched-linux-x86_64 | 0.1.1 | 24.06 | 311.27 | 335.33 | NOTE | |
r-release-linux-x86_64 | 0.1.1 | 23.41 | 310.52 | 333.93 | NOTE | |
r-release-macos-arm64 | 0.1.1 | 226.00 | NOTE | |||
r-release-macos-x86_64 | 0.1.1 | 389.00 | NOTE | |||
r-release-windows-x86_64 | 0.1.1 | 22.00 | 253.00 | 275.00 | NOTE | |
r-oldrel-macos-arm64 | 0.1.1 | 142.00 | OK | |||
r-oldrel-macos-x86_64 | 0.1.1 | 287.00 | OK | |||
r-oldrel-windows-x86_64 | 0.1.1 | 31.00 | 358.00 | 389.00 | OK |
Version: 0.1.1
Check: DESCRIPTION meta-information
Result: NOTE
Missing dependency on R >= 4.1.0 because package code uses the pipe
|> or function shorthand \(...) syntax added in R 4.1.0.
File(s) using such syntax:
‘atpol_grids.R’ ‘miscRscript.r’ ‘plot_points_on_atpol.R’
Flavors: r-devel-linux-x86_64-debian-clang, r-devel-linux-x86_64-debian-gcc, r-devel-linux-x86_64-fedora-clang, r-devel-linux-x86_64-fedora-gcc, r-devel-windows-x86_64, r-patched-linux-x86_64, r-release-linux-x86_64, r-release-macos-arm64, r-release-macos-x86_64, r-release-windows-x86_64