Last updated on 2025-10-24 11:50:41 CEST.
| Flavor | Version | Tinstall | Tcheck | Ttotal | Status | Flags |
|---|---|---|---|---|---|---|
| r-devel-linux-x86_64-debian-clang | 0.2.8 | 2.32 | 33.32 | 35.64 | OK | |
| r-devel-linux-x86_64-debian-gcc | 0.2.8 | 1.72 | 27.57 | 29.29 | OK | |
| r-devel-linux-x86_64-fedora-clang | 0.2.8 | 55.88 | OK | |||
| r-devel-linux-x86_64-fedora-gcc | 0.2.8 | 67.40 | OK | |||
| r-devel-windows-x86_64 | 0.2.8 | 3.00 | 60.00 | 63.00 | OK | |
| r-patched-linux-x86_64 | 0.2.8 | 2.02 | 31.37 | 33.39 | OK | |
| r-release-linux-x86_64 | 0.2.8 | 2.22 | 31.72 | 33.94 | OK | |
| r-release-macos-arm64 | 0.2.8 | 1.00 | 35.00 | 36.00 | OK | |
| r-release-macos-x86_64 | 0.2.8 | 2.00 | 57.00 | 59.00 | OK | |
| r-release-windows-x86_64 | 0.2.8 | 4.00 | 62.00 | 66.00 | OK | |
| r-oldrel-macos-arm64 | 0.2.8 | 1.00 | 39.00 | 40.00 | NOTE | |
| r-oldrel-macos-x86_64 | 0.2.8 | 2.00 | 48.00 | 50.00 | NOTE | |
| r-oldrel-windows-x86_64 | 0.2.8 | 5.00 | 69.00 | 74.00 | NOTE |
Version: 0.2.8
Check: LazyData
Result: NOTE
'LazyData' is specified without a 'data' directory
Flavors: r-oldrel-macos-arm64, r-oldrel-macos-x86_64, r-oldrel-windows-x86_64