Last updated on 2025-07-19 14:48:21 CEST.
Flavor | Version | Tinstall | Tcheck | Ttotal | Status | Flags |
---|---|---|---|---|---|---|
r-devel-linux-x86_64-debian-clang | 4.4.49 | 28.19 | 230.03 | 258.22 | OK | |
r-devel-linux-x86_64-debian-gcc | 4.4.49 | 15.73 | 143.50 | 159.23 | OK | |
r-devel-linux-x86_64-fedora-clang | 4.4.49 | 400.95 | OK | |||
r-devel-linux-x86_64-fedora-gcc | 4.4.49 | 392.59 | OK | |||
r-devel-windows-x86_64 | 4.4.49 | 27.00 | 243.00 | 270.00 | OK | |
r-patched-linux-x86_64 | 4.4.49 | 32.04 | 209.33 | 241.37 | OK | |
r-release-linux-x86_64 | 4.4.49 | 24.86 | 209.58 | 234.44 | OK | |
r-release-macos-arm64 | 4.4.49 | 69.00 | OK | |||
r-release-macos-x86_64 | 4.4.49 | 165.00 | OK | |||
r-release-windows-x86_64 | 4.4.49 | 28.00 | 247.00 | 275.00 | OK | |
r-oldrel-macos-arm64 | 4.4.49 | 80.00 | NOTE | |||
r-oldrel-macos-x86_64 | 4.4.49 | 173.00 | NOTE | |||
r-oldrel-windows-x86_64 | 4.4.49 | 42.00 | 305.00 | 347.00 | NOTE |
Version: 4.4.49
Check: package dependencies
Result: NOTE
Package which this enhances but not available for checking: ‘asreml’
Flavors: r-oldrel-macos-arm64, r-oldrel-macos-x86_64, r-oldrel-windows-x86_64