Last updated on 2025-07-19 14:48:21 CEST.
Flavor | Version | Tinstall | Tcheck | Ttotal | Status | Flags |
---|---|---|---|---|---|---|
r-devel-linux-x86_64-debian-clang | 1.0.0 | 194.36 | 130.40 | 324.76 | OK | |
r-devel-linux-x86_64-debian-gcc | 1.0.0 | 126.86 | 91.05 | 217.91 | OK | |
r-devel-linux-x86_64-fedora-clang | 1.0.0 | 633.79 | OK | |||
r-devel-linux-x86_64-fedora-gcc | 1.0.0 | 560.38 | OK | |||
r-devel-windows-x86_64 | 1.0.0 | 222.00 | 143.00 | 365.00 | OK | |
r-patched-linux-x86_64 | 1.0.0 | 177.36 | 125.30 | 302.66 | OK | |
r-release-linux-x86_64 | 1.0.0 | 179.12 | 125.58 | 304.70 | OK | |
r-release-macos-arm64 | 1.0.0 | 121.00 | OK | |||
r-release-macos-x86_64 | 1.0.0 | 157.00 | OK | |||
r-release-windows-x86_64 | 1.0.0 | 221.00 | 140.00 | 361.00 | OK | |
r-oldrel-macos-arm64 | 1.0.0 | 129.00 | NOTE | |||
r-oldrel-macos-x86_64 | 1.0.0 | 132.00 | NOTE | |||
r-oldrel-windows-x86_64 | 1.0.0 | 262.00 | 184.00 | 446.00 | OK |
Version: 1.0.0
Check: installed package size
Result: NOTE
installed size is 10.8Mb
sub-directories of 1Mb or more:
data 1.1Mb
libs 8.5Mb
Flavors: r-oldrel-macos-arm64, r-oldrel-macos-x86_64