Last updated on 2025-10-21 05:49:22 CEST.
Flavor | Version | Tinstall | Tcheck | Ttotal | Status | Flags |
---|---|---|---|---|---|---|
r-devel-linux-x86_64-debian-clang | 2.6 | 14.31 | 94.10 | 108.41 | OK | |
r-devel-linux-x86_64-debian-gcc | 2.6 | 10.59 | 65.24 | 75.83 | NOTE | |
r-devel-linux-x86_64-fedora-clang | 2.6 | 167.26 | OK | |||
r-devel-linux-x86_64-fedora-gcc | 2.6 | 161.97 | OK | |||
r-devel-windows-x86_64 | 2.6 | 15.00 | 103.00 | 118.00 | OK | |
r-patched-linux-x86_64 | 2.6 | 16.55 | 89.78 | 106.33 | OK | |
r-release-linux-x86_64 | 2.6 | 13.87 | 88.84 | 102.71 | OK | |
r-release-macos-arm64 | 2.6 | 42.00 | OK | |||
r-release-macos-x86_64 | 2.6 | 83.00 | OK | |||
r-release-windows-x86_64 | 2.6 | 15.00 | 104.00 | 119.00 | OK | |
r-oldrel-macos-arm64 | 2.6 | 36.00 | OK | |||
r-oldrel-macos-x86_64 | 2.6 | 66.00 | OK | |||
r-oldrel-windows-x86_64 | 2.6 | 23.00 | 128.00 | 151.00 | OK |
Version: 2.6
Check: HTML version of manual
Result: NOTE
Found the following HTML validation problems:
RtangleAsciiWritedoc.html:50:1 (RtangleAsciiWritedoc.Rd:12): Warning: missing </ul> before </div>
RweaveAsciiFinish.html:50:1 (RweaveAsciiFinish.Rd:12): Warning: missing </ul> before </div>
RweaveAsciiOptions.html:46:1 (RweaveAsciiOptions.Rd:10): Warning: missing </ul> before </div>
RweaveAsciiSetup.html:86:1 (RweaveAsciiSetup.Rd:40): Warning: missing </ul> before </div>
RweaveAsciiWritedoc.html:50:1 (RweaveAsciiWritedoc.Rd:12): Warning: missing </ul> before </div>
align.table.html:54:1 (align.table.Rd:14): Warning: missing </ul> before </div>
as.list.matrix.html:55:1 (as.list.matrix.Rd:14): Warning: missing </ul> before </div>
beauty.asciidoc.html:50:1 (beauty.asciidoc.Rd:12): Warning: missing </ul> before </div>
beauty.org.html:50:1 (beauty.org.Rd:12): Warning: missing </ul> before </div>
beauty.pandoc.html:50:1 (beauty.pandoc.Rd:12): Warning: missing </ul> before </div>
beauty.rest.html:50:1 (beauty.rest.Rd:12): Warning: missing </ul> before </div>
beauty.t2t.html:50:1 (beauty.t2t.Rd:12): Warning: missing </ul> before </div>
beauty.textile.html:50:1 (beauty.textile.Rd:12): Warning: missing </ul> before </div>
div.html:50:1 (div.Rd:12): Warning: missing </ul> before </div>
escape.asciidoc.html:46:1 (escape.asciidoc.Rd:10): Warning: missing </ul> before </div>
escape.org.html:46:1 (escape.org.Rd:10): Warning: missing </ul> before </div>
escape.pandoc.html:46:1 (escape.pandoc.Rd:10): Warning: missing </ul> before </div>
escape.rest.html:46:1 (escape.rest.Rd:10): Warning: missing </ul> before </div>
escape.t2t.html:46:1 (escape.t2t.Rd:10): Warning: missing </ul> before </div>
escape.textile.html:46:1 (escape.textile.Rd:10): Warning: missing </ul> before </div>
expand.html:62:1 (expand.Rd:18): Warning: missing </ul> before </div>
formatCustom.html:58:1 (formatCustom.Rd:16): Warning: missing </ul> before </div>
groups.html:53:1 (groups.Rd:14): Warning: missing </ul> before </div>
header.asciidoc.html:73:1 (header.asciidoc.Rd:27): Warning: missing </ul> before </div>
header.org.html:50:1 (header.org.Rd:12): Warning: missing </ul> before </div>
header.pandoc.html:50:1 (header.pandoc.Rd:12): Warning: missing </ul> before </div>
header.rest.html:50:1 (header.rest.Rd:12): Warning: missing </ul> before </div>
header.t2t.html:50:1 (header.t2t.Rd:12): Warning: missing </ul> before </div>
header.textile.html:58:1 (header.textile.Rd:16): Warning: missing </ul> before </div>
interleave.html:46:1 (interleave.Rd:10): Warning: missing </ul> before </div>
interleave.data.frame.html:54:1 (interleave.data.frame.Rd:14): Warning: missing </ul> before </div>
interleave.matrix.html:50:1 (interleave.matrix.Rd:12): Warning: missing </ul> before </div>
linegroup.html:50:1 (linegroup.Rd:12): Warning: missing </ul> before </div>
makeRweaveAsciiCodeRunner.html:46:1 (makeRweaveAsciiCodeRunner.Rd:10): Warning: missing </ul> before </div>
ngroups.html:54:1 (ngroups.Rd:14): Warning: missing </ul> before </div>
paste.matrix.html:68:1 (paste.matrix.Rd:24): Warning: missing </ul> before </div>
print.character.matrix.html:110:1 (print.character.matrix.Rd:49): Warning: missing </ul> before </div>
repchar.html:50:1 (repchar.Rd:12): Warning: missing </ul> before </div>
safe.as.character.html:46:1 (safe.as.character.Rd:10): Warning: missing </ul> before </div>
show.asciidoc.list.html:68:1 (show.asciidoc.list.Rd:24): Warning: missing </ul> before </div>
show.asciidoc.table.html:247:1 (show.asciidoc.table.Rd:132): Warning: missing </ul> before </div>
show.org.list.html:68:1 (show.org.list.Rd:24): Warning: missing </ul> before </div>
show.org.table.html:247:1 (show.org.table.Rd:132): Warning: missing </ul> before </div>
show.pandoc.list.html:68:1 (show.pandoc.list.Rd:24): Warning: missing </ul> before </div>
show.pandoc.table.html:247:1 (show.pandoc.table.Rd:132): Warning: missing </ul> before </div>
show.rest.list.html:68:1 (show.rest.list.Rd:24): Warning: missing </ul> before </div>
show.rest.table.html:247:1 (show.rest.table.Rd:132): Warning: missing </ul> before </div>
show.t2t.list.html:68:1 (show.t2t.list.Rd:24): Warning: missing </ul> before </div>
show.t2t.table.html:247:1 (show.t2t.table.Rd:132): Warning: missing </ul> before </div>
show.textile.list.html:68:1 (show.textile.list.Rd:24): Warning: missing </ul> before </div>
show.textile.table.html:247:1 (show.textile.table.Rd:132): Warning: missing </ul> before </div>
tocharac.html:88:1 (tocharac.Rd:36): Warning: missing </ul> before </div>
trim.html:46:1 (trim.Rd:10): Warning: missing </ul> before </div>
vsep.asciidoc.html:54:1 (vsep.asciidoc.Rd:14): Warning: missing </ul> before </div>
vsep.textile.html:54:1 (vsep.textile.Rd:14): Warning: missing </ul> before </div>
weaverAsciiFinish.html:50:1 (weaverAsciiFinish.Rd:12): Warning: missing </ul> before </div>
Flavor: r-devel-linux-x86_64-debian-gcc