Last updated on 2025-10-24 05:50:32 CEST.
| Flavor | Version | Tinstall | Tcheck | Ttotal | Status | Flags |
|---|---|---|---|---|---|---|
| r-devel-linux-x86_64-debian-clang | 0.7.2 | 1.89 | 23.21 | 25.10 | NOTE | |
| r-devel-linux-x86_64-debian-gcc | 0.7.2 | 1.54 | 18.68 | 20.22 | NOTE | |
| r-devel-linux-x86_64-fedora-clang | 0.7.2 | 34.73 | OK | |||
| r-devel-linux-x86_64-fedora-gcc | 0.7.2 | 34.08 | OK | |||
| r-devel-windows-x86_64 | 0.7.2 | 3.00 | 41.00 | 44.00 | OK | |
| r-patched-linux-x86_64 | 0.7.2 | 2.14 | 21.56 | 23.70 | NOTE | |
| r-release-linux-x86_64 | 0.7.2 | 1.72 | 21.61 | 23.33 | NOTE | |
| r-release-macos-arm64 | 0.7.2 | 1.00 | 23.00 | 24.00 | OK | |
| r-release-macos-x86_64 | 0.7.2 | 2.00 | 23.00 | 25.00 | OK | |
| r-release-windows-x86_64 | 0.7.2 | 3.00 | 43.00 | 46.00 | OK | |
| r-oldrel-macos-arm64 | 0.7.2 | 1.00 | 19.00 | 20.00 | OK | |
| r-oldrel-macos-x86_64 | 0.7.2 | 2.00 | 19.00 | 21.00 | OK | |
| r-oldrel-windows-x86_64 | 0.7.2 | 4.00 | 47.00 | 51.00 | OK |
Version: 0.7.2
Check: CRAN incoming feasibility
Result: NOTE
Maintainer: ‘David J. H. Shih <djh.shih@gmail.com>’
No Authors@R field in DESCRIPTION.
Please add one, modifying
Authors@R: person(given = c("David", "J.", "H."),
family = "Shih",
role = c("aut", "cre"),
email = "djh.shih@gmail.com")
as necessary.
Flavors: r-devel-linux-x86_64-debian-clang, r-devel-linux-x86_64-debian-gcc
Version: 0.7.2
Check: for unstated dependencies in ‘demo’
Result: NOTE
'library' or 'require' call not declared from: ‘magrittr’
Flavors: r-devel-linux-x86_64-debian-clang, r-devel-linux-x86_64-debian-gcc, r-patched-linux-x86_64, r-release-linux-x86_64
Version: 0.7.2
Check: HTML version of manual
Result: NOTE
Found the following HTML validation problems:
include.html:48:1 (include.Rd:10): Warning: missing </ul> before </div>
Flavor: r-devel-linux-x86_64-debian-clang