Last updated on 2025-07-19 08:48:28 CEST.
Flavor | Version | Tinstall | Tcheck | Ttotal | Status | Flags |
---|---|---|---|---|---|---|
r-devel-linux-x86_64-debian-clang | 0.2.0 | 3.08 | 30.03 | 33.11 | OK | |
r-devel-linux-x86_64-debian-gcc | 0.2.0 | 1.98 | 23.84 | 25.82 | OK | |
r-devel-linux-x86_64-fedora-clang | 0.2.0 | 50.18 | OK | |||
r-devel-linux-x86_64-fedora-gcc | 0.2.0 | 62.93 | OK | |||
r-devel-windows-x86_64 | 0.2.0 | 9.00 | 57.00 | 66.00 | OK | |
r-patched-linux-x86_64 | 0.2.0 | 3.53 | 27.84 | 31.37 | OK | |
r-release-linux-x86_64 | 0.2.0 | 2.90 | 27.25 | 30.15 | OK | |
r-release-macos-arm64 | 0.2.0 | 36.00 | OK | |||
r-release-macos-x86_64 | 0.2.0 | 59.00 | OK | |||
r-release-windows-x86_64 | 0.2.0 | 7.00 | 55.00 | 62.00 | OK | |
r-oldrel-macos-arm64 | 0.2.0 | 25.00 | NOTE | |||
r-oldrel-macos-x86_64 | 0.2.0 | 45.00 | NOTE | |||
r-oldrel-windows-x86_64 | 0.2.0 | 8.00 | 60.00 | 68.00 | NOTE |
Version: 0.2.0
Check: LazyData
Result: NOTE
'LazyData' is specified without a 'data' directory
Flavors: r-oldrel-macos-arm64, r-oldrel-macos-x86_64, r-oldrel-windows-x86_64