CRAN Package Check Results for Package areabiplot

Last updated on 2025-10-25 12:49:41 CEST.

Flavor Version Tinstall Tcheck Ttotal Status Flags
r-devel-linux-x86_64-debian-clang 1.0.0 1.73 21.59 23.32 OK
r-devel-linux-x86_64-debian-gcc 1.0.0 1.31 18.04 19.35 OK
r-devel-linux-x86_64-fedora-clang 1.0.0 33.63 OK
r-devel-linux-x86_64-fedora-gcc 1.0.0 33.14 OK
r-devel-windows-x86_64 1.0.0 3.00 45.00 48.00 OK
r-patched-linux-x86_64 1.0.0 1.69 20.52 22.21 OK
r-release-linux-x86_64 1.0.0 1.69 20.44 22.13 OK
r-release-macos-arm64 1.0.0 1.00 16.00 17.00 OK
r-release-macos-x86_64 1.0.0 2.00 23.00 25.00 OK
r-release-windows-x86_64 1.0.0 2.00 47.00 49.00 OK
r-oldrel-macos-arm64 1.0.0 1.00 15.00 16.00 NOTE
r-oldrel-macos-x86_64 1.0.0 1.00 22.00 23.00 NOTE
r-oldrel-windows-x86_64 1.0.0 4.00 50.00 54.00 NOTE

Check Details

Version: 1.0.0
Check: LazyData
Result: NOTE 'LazyData' is specified without a 'data' directory Flavors: r-oldrel-macos-arm64, r-oldrel-macos-x86_64, r-oldrel-windows-x86_64