Last updated on 2025-10-24 11:50:41 CEST.
| Flavor | Version | Tinstall | Tcheck | Ttotal | Status | Flags |
|---|---|---|---|---|---|---|
| r-devel-linux-x86_64-debian-clang | 0.1.0 | 1.92 | 30.22 | 32.14 | OK | |
| r-devel-linux-x86_64-debian-gcc | 0.1.0 | 1.39 | 23.73 | 25.12 | OK | |
| r-devel-linux-x86_64-fedora-clang | 0.1.0 | 47.98 | NOTE | |||
| r-devel-linux-x86_64-fedora-gcc | 0.1.0 | 47.41 | NOTE | |||
| r-devel-windows-x86_64 | 0.1.0 | 4.00 | 49.00 | 53.00 | OK | |
| r-patched-linux-x86_64 | 0.1.0 | 1.91 | 29.26 | 31.17 | OK | |
| r-release-linux-x86_64 | 0.1.0 | 2.01 | 28.33 | 30.34 | OK | |
| r-release-macos-arm64 | 0.1.0 | 1.00 | 19.00 | 20.00 | OK | |
| r-release-macos-x86_64 | 0.1.0 | 2.00 | 29.00 | 31.00 | OK | |
| r-release-windows-x86_64 | 0.1.0 | 3.00 | 50.00 | 53.00 | OK | |
| r-oldrel-macos-arm64 | 0.1.0 | 1.00 | 18.00 | 19.00 | OK | |
| r-oldrel-macos-x86_64 | 0.1.0 | 2.00 | 27.00 | 29.00 | OK | |
| r-oldrel-windows-x86_64 | 0.1.0 | 4.00 | 59.00 | 63.00 | OK |
Version: 0.1.0
Check: dependencies in R code
Result: NOTE
Namespace in Imports field not imported from: ‘sp’
All declared Imports should be used.
Flavors: r-devel-linux-x86_64-fedora-clang, r-devel-linux-x86_64-fedora-gcc