Last updated on 2025-07-19 14:48:21 CEST.
Flavor | Version | Tinstall | Tcheck | Ttotal | Status | Flags |
---|---|---|---|---|---|---|
r-devel-linux-x86_64-debian-clang | 0.1.5 | 145.39 | 167.90 | 313.29 | OK | |
r-devel-linux-x86_64-debian-gcc | 0.1.5 | 101.53 | 117.11 | 218.64 | OK | |
r-devel-linux-x86_64-fedora-clang | 0.1.5 | 544.84 | OK | |||
r-devel-linux-x86_64-fedora-gcc | 0.1.5 | 523.20 | OK | |||
r-devel-windows-x86_64 | 0.1.5 | 156.00 | 170.00 | 326.00 | OK | |
r-patched-linux-x86_64 | 0.1.5 | 148.43 | 154.71 | 303.14 | OK | |
r-release-linux-x86_64 | 0.1.5 | 146.66 | 154.02 | 300.68 | OK | |
r-release-macos-arm64 | 0.1.5 | 135.00 | OK | |||
r-release-macos-x86_64 | 0.1.5 | 174.00 | OK | |||
r-release-windows-x86_64 | 0.1.5 | 150.00 | 163.00 | 313.00 | OK | |
r-oldrel-macos-arm64 | 0.1.5 | 125.00 | NOTE | |||
r-oldrel-macos-x86_64 | 0.1.5 | 207.00 | NOTE | |||
r-oldrel-windows-x86_64 | 0.1.5 | 185.00 | 229.00 | 414.00 | OK |
Version: 0.1.5
Check: installed package size
Result: NOTE
installed size is 10.4Mb
sub-directories of 1Mb or more:
libs 8.9Mb
Flavors: r-oldrel-macos-arm64, r-oldrel-macos-x86_64