Last updated on 2025-07-28 13:49:26 CEST.
Flavor | Version | Tinstall | Tcheck | Ttotal | Status | Flags |
---|---|---|---|---|---|---|
r-devel-linux-x86_64-debian-clang | 1.2.0 | 8.86 | 79.12 | 87.98 | NOTE | |
r-devel-linux-x86_64-debian-gcc | 1.2.0 | 6.72 | 58.64 | 65.36 | NOTE | |
r-devel-linux-x86_64-fedora-clang | 1.2.0 | 135.53 | OK | |||
r-devel-linux-x86_64-fedora-gcc | 1.2.0 | 128.60 | OK | |||
r-devel-windows-x86_64 | 1.2.0 | 11.00 | 107.00 | 118.00 | OK | |
r-patched-linux-x86_64 | 1.2.0 | 8.25 | 75.15 | 83.40 | OK | |
r-release-linux-x86_64 | 1.2.0 | 7.67 | 75.41 | 83.08 | OK | |
r-release-macos-arm64 | 1.2.0 | 41.00 | OK | |||
r-release-macos-x86_64 | 1.2.0 | 90.00 | OK | |||
r-release-windows-x86_64 | 1.2.0 | 11.00 | 96.00 | 107.00 | OK | |
r-oldrel-macos-arm64 | 1.2.0 | 35.00 | OK | |||
r-oldrel-macos-x86_64 | 1.2.0 | 51.00 | OK | |||
r-oldrel-windows-x86_64 | 1.2.0 | 13.00 | 117.00 | 130.00 | OK |
Version: 1.2.0
Check: CRAN incoming feasibility
Result: NOTE
Maintainer: ‘Andre Rehage <rehage@statistik.tu-dortmund.de>’
No Authors@R field in DESCRIPTION.
Please add one, modifying
Authors@R: c(person(given = "Andre",
family = "Rehage",
role = c("aut", "cre"),
email = "rehage@statistik.tu-dortmund.de"),
person(given = "Sonja",
family = "Kuhnt",
role = "aut"))
as necessary.
Found the following \keyword or \concept entries
which likely give several index terms:
File ‘alphaOutlier-package.Rd’:
\keyword{package
distribution
robust}
Flavors: r-devel-linux-x86_64-debian-clang, r-devel-linux-x86_64-debian-gcc