Last updated on 2025-10-31 20:48:33 CET.
| Flavor | Version | Tinstall | Tcheck | Ttotal | Status | Flags | 
|---|---|---|---|---|---|---|
| r-devel-linux-x86_64-debian-clang | 0.1.0 | 2.93 | 36.78 | 39.71 | NOTE | |
| r-devel-linux-x86_64-debian-gcc | 0.1.0 | 2.12 | 27.74 | 29.86 | NOTE | |
| r-devel-linux-x86_64-fedora-clang | 0.1.0 | 56.46 | NOTE | |||
| r-devel-linux-x86_64-fedora-gcc | 0.1.0 | 53.17 | NOTE | |||
| r-devel-windows-x86_64 | 0.1.0 | 5.00 | 51.00 | 56.00 | NOTE | |
| r-patched-linux-x86_64 | 0.1.0 | 2.91 | 32.97 | 35.88 | NOTE | |
| r-release-linux-x86_64 | 0.1.0 | 2.91 | 33.12 | 36.03 | NOTE | |
| r-release-macos-arm64 | 0.1.0 | 2.00 | 21.00 | 23.00 | NOTE | |
| r-release-macos-x86_64 | 0.1.0 | 3.00 | 35.00 | 38.00 | NOTE | |
| r-release-windows-x86_64 | 0.1.0 | 5.00 | 52.00 | 57.00 | NOTE | |
| r-oldrel-macos-arm64 | 0.1.0 | 1.00 | 21.00 | 22.00 | NOTE | |
| r-oldrel-macos-x86_64 | 0.1.0 | 2.00 | 28.00 | 30.00 | NOTE | |
| r-oldrel-windows-x86_64 | 0.1.0 | 6.00 | 62.00 | 68.00 | NOTE | 
Version: 0.1.0
Check: Rd files
Result: NOTE
  checkRd: (-1) get_airnow_area.Rd:25: Lost braces; missing escapes or markup?
      25 | \item{parameters}{Parameter(s) to return data for. Choices are PM_{2.5}
         |                                                                   ^
Flavors: r-devel-linux-x86_64-debian-clang, r-devel-linux-x86_64-debian-gcc, r-devel-linux-x86_64-fedora-clang, r-devel-linux-x86_64-fedora-gcc, r-devel-windows-x86_64, r-patched-linux-x86_64, r-release-linux-x86_64, r-release-macos-arm64, r-release-macos-x86_64, r-release-windows-x86_64, r-oldrel-macos-arm64, r-oldrel-macos-x86_64, r-oldrel-windows-x86_64