Last updated on 2025-10-21 11:53:15 CEST.
Flavor | Version | Tinstall | Tcheck | Ttotal | Status | Flags |
---|---|---|---|---|---|---|
r-devel-linux-x86_64-debian-clang | 4.2.7 | 11.91 | 72.32 | 84.23 | NOTE | |
r-devel-linux-x86_64-debian-gcc | 4.2.7 | 8.50 | 52.63 | 61.13 | NOTE | |
r-devel-linux-x86_64-fedora-clang | 4.2.7 | 143.34 | OK | |||
r-devel-linux-x86_64-fedora-gcc | 4.2.7 | 23.00 | 111.99 | 134.99 | OK | |
r-devel-windows-x86_64 | 4.2.7 | 13.00 | 80.00 | 93.00 | OK | |
r-patched-linux-x86_64 | 4.2.7 | 11.45 | 67.61 | 79.06 | OK | |
r-release-linux-x86_64 | 4.2.7 | 12.42 | 68.88 | 81.30 | OK | |
r-release-macos-arm64 | 4.2.7 | 44.00 | OK | |||
r-release-macos-x86_64 | 4.2.7 | 27.00 | 101.00 | 128.00 | OK | |
r-release-windows-x86_64 | 4.2.7 | 14.00 | 83.00 | 97.00 | OK | |
r-oldrel-macos-arm64 | 4.2.7 | 48.00 | OK | |||
r-oldrel-macos-x86_64 | 4.2.7 | 84.00 | OK | |||
r-oldrel-windows-x86_64 | 4.2.7 | 20.00 | 105.00 | 125.00 | OK |
Version: 4.2.7
Check: HTML version of manual
Result: NOTE
Found the following HTML validation problems:
adeproLogo.html:54:1 (adeproLogo.Rd:14): Warning: missing </ul> before </div>
adepro_slice_plot.html:126:1 (adepro_slice_plot.Rd:60): Warning: missing </ul> before </div>
ae_count.html:52:1 (ae_count.Rd:12): Warning: missing </ul> before </div>
bar_chart.html:79:1 (bar_chart.Rd:31): Warning: missing </ul> before </div>
check_data.html:50:1 (check_data.Rd:12): Warning: missing </ul> before </div>
circle_legend2.html:54:1 (circle_legend2.Rd:16): Warning: missing </ul> before </div>
count_event.html:50:1 (count_event.Rd:12): Warning: missing </ul> before </div>
initQ.html:46:1 (initQ.Rd:10): Warning: missing </ul> before </div>
order_patient.html:68:1 (order_patient.Rd:24): Warning: missing </ul> before </div>
pie_legend.html:54:1 (pie_legend.Rd:16): Warning: missing </ul> before </div>
pie_legend2.html:57:1 (pie_legend2.Rd:19): Warning: missing </ul> before </div>
prepare_data.html:133:1 (prepare_data.Rd:63): Warning: missing </ul> before </div>
preproc_ae.html:46:1 (preproc_ae.Rd:10): Warning: missing </ul> before </div>
preproc_patients.html:50:1 (preproc_patients.Rd:12): Warning: missing </ul> before </div>
set_global_params.html:64:1 (set_global_params.Rd:22): Warning: missing </ul> before </div>
set_group_lines.html:50:1 (set_group_lines.Rd:12): Warning: missing </ul> before </div>
set_vector_layout.html:50:1 (set_vector_layout.Rd:12): Warning: missing </ul> before </div>
set_width.html:51:1 (set_width.Rd:12): Warning: missing </ul> before </div>
tone.html:56:1 (tone.Rd:16): Warning: missing </ul> before </div>
Flavors: r-devel-linux-x86_64-debian-clang, r-devel-linux-x86_64-debian-gcc