CRAN Package Check Results for Package addinsJoaoMelo

Last updated on 2025-11-02 08:48:31 CET.

Flavor Version Tinstall Tcheck Ttotal Status Flags
r-devel-linux-x86_64-debian-clang 0.1.0 1.69 19.99 21.68 OK
r-devel-linux-x86_64-debian-gcc 0.1.0 1.39 16.73 18.12 OK
r-devel-linux-x86_64-fedora-clang 0.1.0 30.86 OK
r-devel-linux-x86_64-fedora-gcc 0.1.0 29.35 OK
r-devel-windows-x86_64 0.1.0 3.00 43.00 46.00 OK
r-patched-linux-x86_64 0.1.0 1.65 18.84 20.49 OK
r-release-linux-x86_64 0.1.0 1.63 18.92 20.55 OK
r-release-macos-arm64 0.1.0 2.00 17.00 19.00 OK
r-release-macos-x86_64 0.1.0 2.00 22.00 24.00 OK
r-release-windows-x86_64 0.1.0 3.00 43.00 46.00 OK
r-oldrel-macos-arm64 0.1.0 1.00 15.00 16.00 NOTE
r-oldrel-macos-x86_64 0.1.0 2.00 21.00 23.00 NOTE
r-oldrel-windows-x86_64 0.1.0 5.00 47.00 52.00 NOTE

Check Details

Version: 0.1.0
Check: LazyData
Result: NOTE 'LazyData' is specified without a 'data' directory Flavors: r-oldrel-macos-arm64, r-oldrel-macos-x86_64, r-oldrel-windows-x86_64