Last updated on 2025-11-04 03:50:43 CET.
| Flavor | Version | Tinstall | Tcheck | Ttotal | Status | Flags | 
|---|---|---|---|---|---|---|
| r-devel-linux-x86_64-debian-clang | 0.2-8 | 13.77 | 122.18 | 135.95 | NOTE | |
| r-devel-linux-x86_64-debian-gcc | 0.2-8 | 8.70 | 87.42 | 96.12 | NOTE | |
| r-devel-linux-x86_64-fedora-clang | 0.2-8 | 59.00 | 157.98 | 216.98 | OK | |
| r-devel-linux-x86_64-fedora-gcc | 0.2-8 | 29.00 | 166.17 | 195.17 | OK | |
| r-devel-windows-x86_64 | 0.2-8 | 18.00 | 168.00 | 186.00 | OK | |
| r-patched-linux-x86_64 | 0.2-8 | 13.52 | 115.13 | 128.65 | OK | |
| r-release-linux-x86_64 | 0.2-8 | 12.05 | 115.62 | 127.67 | OK | |
| r-release-macos-arm64 | 0.2-8 | 6.00 | 45.00 | 51.00 | OK | |
| r-release-macos-x86_64 | 0.2-8 | 10.00 | 69.00 | 79.00 | OK | |
| r-release-windows-x86_64 | 0.2-8 | 17.00 | 170.00 | 187.00 | OK | |
| r-oldrel-macos-arm64 | 0.2-8 | 5.00 | 44.00 | 49.00 | OK | |
| r-oldrel-macos-x86_64 | 0.2-8 | 8.00 | 62.00 | 70.00 | OK | |
| r-oldrel-windows-x86_64 | 0.2-8 | 22.00 | 211.00 | 233.00 | OK | 
Version: 0.2-8
Check: CRAN incoming feasibility
Result: NOTE
  Maintainer: ‘Kevin M. Middleton <middletonk@missouri.edu>’
  
  No Authors@R field in DESCRIPTION.
  Please add one, modifying
    Authors@R: c(person(given = c("Kevin", "M."),
                        family = "Middleton",
                        role = c("aut", "cre"),
                        email = "middletonk@missouri.edu"),
                 person(given = "Randall",
                        family = "Pruim",
                        role = "aut",
                        email = "rpruim@calvin.edu"))
  as necessary.
  
  Found the following (possibly) invalid file URIs:
    URI: middletonk@missouri.edu
      From: man/abd-package.Rd
    URI: rpruim@calvin.edu
      From: man/abd-package.Rd
Flavors: r-devel-linux-x86_64-debian-clang, r-devel-linux-x86_64-debian-gcc