Last updated on 2025-10-31 14:49:58 CET.
| Flavor | Version | Tinstall | Tcheck | Ttotal | Status | Flags | 
|---|---|---|---|---|---|---|
| r-devel-linux-x86_64-debian-clang | 0.1.0 | 1.71 | 22.25 | 23.96 | NOTE | |
| r-devel-linux-x86_64-debian-gcc | 0.1.0 | 1.78 | 17.35 | 19.13 | NOTE | |
| r-devel-linux-x86_64-fedora-clang | 0.1.0 | 12.00 | 28.08 | 40.08 | OK | |
| r-devel-linux-x86_64-fedora-gcc | 0.1.0 | 15.00 | 25.30 | 40.30 | OK | |
| r-devel-windows-x86_64 | 0.1.0 | 5.00 | 41.00 | 46.00 | OK | |
| r-patched-linux-x86_64 | 0.1.0 | 2.19 | 20.70 | 22.89 | OK | |
| r-release-linux-x86_64 | 0.1.0 | 1.74 | 20.59 | 22.33 | OK | |
| r-release-macos-arm64 | 0.1.0 | 1.00 | 15.00 | 16.00 | OK | |
| r-release-macos-x86_64 | 0.1.0 | 3.00 | 28.00 | 31.00 | OK | |
| r-release-windows-x86_64 | 0.1.0 | 4.00 | 44.00 | 48.00 | OK | |
| r-oldrel-macos-arm64 | 0.1.0 | 1.00 | 15.00 | 16.00 | NOTE | |
| r-oldrel-macos-x86_64 | 0.1.0 | 2.00 | 20.00 | 22.00 | NOTE | |
| r-oldrel-windows-x86_64 | 0.1.0 | 5.00 | 48.00 | 53.00 | NOTE | 
Version: 0.1.0
Check: CRAN incoming feasibility
Result: NOTE
  Maintainer: ‘Robert Lee <rhlee@colorado.edu>’
  
  No Authors@R field in DESCRIPTION.
  Please add one, modifying
    Authors@R: person(given = "Robert",
                      family = "Lee",
                      role = c("aut", "cre"),
                      email = "rhlee@colorado.edu")
  as necessary.
Flavors: r-devel-linux-x86_64-debian-clang, r-devel-linux-x86_64-debian-gcc
Version: 0.1.0
Check: package dependencies
Result: NOTE
  Packages suggested but not available for checking: 'RNRCS', 'metScanR'
Flavors: r-oldrel-macos-arm64, r-oldrel-macos-x86_64, r-oldrel-windows-x86_64
Version: 0.1.0
Check: LazyData
Result: NOTE
    'LazyData' is specified without a 'data' directory
Flavors: r-oldrel-macos-arm64, r-oldrel-macos-x86_64, r-oldrel-windows-x86_64