Last updated on 2025-10-24 11:51:04 CEST.
| Flavor | Version | Tinstall | Tcheck | Ttotal | Status | Flags |
|---|---|---|---|---|---|---|
| r-devel-linux-x86_64-debian-clang | 4.2.3 | 2.47 | 26.02 | 28.49 | NOTE | |
| r-devel-linux-x86_64-debian-gcc | 4.2.3 | 1.76 | 20.85 | 22.61 | NOTE | |
| r-devel-linux-x86_64-fedora-clang | 4.2.3 | 43.30 | OK | |||
| r-devel-linux-x86_64-fedora-gcc | 4.2.3 | 39.55 | OK | |||
| r-devel-windows-x86_64 | 4.2.3 | 3.00 | 45.00 | 48.00 | OK | |
| r-patched-linux-x86_64 | 4.2.3 | 2.32 | 24.61 | 26.93 | OK | |
| r-release-linux-x86_64 | 4.2.3 | 2.17 | 24.67 | 26.84 | OK | |
| r-release-macos-arm64 | 4.2.3 | 1.00 | 17.00 | 18.00 | OK | |
| r-release-macos-x86_64 | 4.2.3 | 2.00 | 33.00 | 35.00 | OK | |
| r-release-windows-x86_64 | 4.2.3 | 3.00 | 46.00 | 49.00 | OK | |
| r-oldrel-macos-arm64 | 4.2.3 | 1.00 | 17.00 | 18.00 | OK | |
| r-oldrel-macos-x86_64 | 4.2.3 | 2.00 | 23.00 | 25.00 | OK | |
| r-oldrel-windows-x86_64 | 4.2.3 | 4.00 | 51.00 | 55.00 | OK |
Version: 4.2.3
Check: CRAN incoming feasibility
Result: NOTE
Maintainer: ‘John W. Emerson <john.emerson@yale.edu>’
No Authors@R field in DESCRIPTION.
Please add one, modifying
Authors@R: c(person(given = c("John", "W."),
family = "Emerson",
role = c("aut", "cre"),
email = "john.emerson@yale.edu"),
person(given = c("Walton", "A."),
family = "Green",
role = "aut"))
as necessary.
Flavors: r-devel-linux-x86_64-debian-clang, r-devel-linux-x86_64-debian-gcc