Last updated on 2025-10-24 18:50:13 CEST.
| Flavor | Version | Tinstall | Tcheck | Ttotal | Status | Flags |
|---|---|---|---|---|---|---|
| r-devel-linux-x86_64-debian-clang | 1.2.0 | 1.74 | 23.50 | 25.24 | NOTE | |
| r-devel-linux-x86_64-debian-gcc | 1.2.0 | 1.31 | 18.53 | 19.84 | NOTE | |
| r-devel-linux-x86_64-fedora-clang | 1.2.0 | 36.61 | NOTE | |||
| r-devel-linux-x86_64-fedora-gcc | 1.2.0 | 35.17 | NOTE | |||
| r-devel-windows-x86_64 | 1.2.0 | 3.00 | 44.00 | 47.00 | NOTE | |
| r-patched-linux-x86_64 | 1.2.0 | 1.90 | 22.15 | 24.05 | NOTE | |
| r-release-linux-x86_64 | 1.2.0 | 1.75 | 21.95 | 23.70 | NOTE | |
| r-release-macos-arm64 | 1.2.0 | 1.00 | 17.00 | 18.00 | NOTE | |
| r-release-macos-x86_64 | 1.2.0 | 2.00 | 24.00 | 26.00 | NOTE | |
| r-release-windows-x86_64 | 1.2.0 | 3.00 | 45.00 | 48.00 | NOTE | |
| r-oldrel-macos-arm64 | 1.2.0 | 1.00 | 15.00 | 16.00 | OK | |
| r-oldrel-macos-x86_64 | 1.2.0 | 1.00 | 22.00 | 23.00 | OK | |
| r-oldrel-windows-x86_64 | 1.2.0 | 3.00 | 50.00 | 53.00 | OK |
Version: 1.2.0
Check: DESCRIPTION meta-information
Result: NOTE
Missing dependency on R >= 4.1.0 because package code uses the pipe
|> or function shorthand \(...) syntax added in R 4.1.0.
File(s) using such syntax:
‘TWP.Rd’
Flavors: r-devel-linux-x86_64-debian-clang, r-devel-linux-x86_64-debian-gcc, r-devel-linux-x86_64-fedora-clang, r-devel-linux-x86_64-fedora-gcc, r-devel-windows-x86_64, r-patched-linux-x86_64, r-release-linux-x86_64, r-release-macos-arm64, r-release-macos-x86_64, r-release-windows-x86_64