Last updated on 2025-07-20 01:49:44 CEST.
Flavor | Version | Tinstall | Tcheck | Ttotal | Status | Flags |
---|---|---|---|---|---|---|
r-devel-linux-x86_64-debian-clang | 0.1.4 | 43.46 | 91.17 | 134.63 | OK | |
r-devel-linux-x86_64-debian-gcc | 0.1.4 | 38.48 | 64.36 | 102.84 | OK | |
r-devel-linux-x86_64-fedora-clang | 0.1.4 | 212.71 | OK | |||
r-devel-linux-x86_64-fedora-gcc | 0.1.4 | 242.98 | OK | |||
r-devel-windows-x86_64 | 0.1.4 | 55.00 | 115.00 | 170.00 | OK | |
r-patched-linux-x86_64 | 0.1.4 | 52.15 | 81.96 | 134.11 | OK | |
r-release-linux-x86_64 | 0.1.4 | 51.15 | 82.92 | 134.07 | OK | |
r-release-macos-arm64 | 0.1.4 | 65.00 | OK | |||
r-release-macos-x86_64 | 0.1.4 | 124.00 | OK | |||
r-release-windows-x86_64 | 0.1.4 | 58.00 | 115.00 | 173.00 | OK | |
r-oldrel-macos-arm64 | 0.1.4 | 62.00 | NOTE | |||
r-oldrel-macos-x86_64 | 0.1.4 | 176.00 | NOTE | |||
r-oldrel-windows-x86_64 | 0.1.4 | 65.00 | 145.00 | 210.00 | OK |
Version: 0.1.4
Check: installed package size
Result: NOTE
installed size is 12.6Mb
sub-directories of 1Mb or more:
doc 1.4Mb
libs 10.4Mb
Flavors: r-oldrel-macos-arm64, r-oldrel-macos-x86_64