Last updated on 2025-11-04 09:50:16 CET.
| Flavor | Version | Tinstall | Tcheck | Ttotal | Status | Flags | 
|---|---|---|---|---|---|---|
| r-devel-linux-x86_64-debian-clang | 0.1.4 | 44.55 | 92.64 | 137.19 | OK | |
| r-devel-linux-x86_64-debian-gcc | 0.1.4 | 37.96 | 64.46 | 102.42 | OK | |
| r-devel-linux-x86_64-fedora-clang | 0.1.4 | 103.00 | 115.20 | 218.20 | OK | |
| r-devel-linux-x86_64-fedora-gcc | 0.1.4 | 117.00 | 132.16 | 249.16 | OK | |
| r-devel-windows-x86_64 | 0.1.4 | 60.00 | 113.00 | 173.00 | OK | |
| r-patched-linux-x86_64 | 0.1.4 | 51.82 | 83.24 | 135.06 | OK | |
| r-release-linux-x86_64 | 0.1.4 | 50.56 | 83.14 | 133.70 | OK | |
| r-release-macos-arm64 | 0.1.4 | 20.00 | 45.00 | 65.00 | OK | |
| r-release-macos-x86_64 | 0.1.4 | 40.00 | 84.00 | 124.00 | OK | |
| r-release-windows-x86_64 | 0.1.4 | 60.00 | 110.00 | 170.00 | OK | |
| r-oldrel-macos-arm64 | 0.1.4 | 16.00 | 46.00 | 62.00 | NOTE | |
| r-oldrel-macos-x86_64 | 0.1.4 | 36.00 | 140.00 | 176.00 | NOTE | |
| r-oldrel-windows-x86_64 | 0.1.4 | 65.00 | 145.00 | 210.00 | OK | 
Version: 0.1.4
Check: installed package size
Result: NOTE
    installed size is 12.6Mb
    sub-directories of 1Mb or more:
      doc    1.4Mb
      libs  10.4Mb
Flavors: r-oldrel-macos-arm64, r-oldrel-macos-x86_64