CRAN Package Check Results for Package ViewPipeSteps

Last updated on 2025-10-22 05:51:32 CEST.

Flavor Version Tinstall Tcheck Ttotal Status Flags
r-devel-linux-x86_64-debian-clang 0.1.0 1.74 21.38 23.12 OK
r-devel-linux-x86_64-debian-gcc 0.1.0 1.52 17.47 18.99 OK
r-devel-linux-x86_64-fedora-clang 0.1.0 32.70 NOTE
r-devel-linux-x86_64-fedora-gcc 0.1.0 31.67 NOTE
r-devel-windows-x86_64 0.1.0 3.00 39.00 42.00 OK
r-patched-linux-x86_64 0.1.0 1.41 19.31 20.72 OK
r-release-linux-x86_64 0.1.0 1.85 19.09 20.94 OK
r-release-macos-arm64 0.1.0 1.00 14.00 15.00 OK
r-release-macos-x86_64 0.1.0 2.00 21.00 23.00 OK
r-release-windows-x86_64 0.1.0 4.00 40.00 44.00 OK
r-oldrel-macos-arm64 0.1.0 1.00 14.00 15.00 OK
r-oldrel-macos-x86_64 0.1.0 2.00 20.00 22.00 OK
r-oldrel-windows-x86_64 0.1.0 5.00 45.00 50.00 OK

Check Details

Version: 0.1.0
Check: dependencies in R code
Result: NOTE Namespace in Imports field not imported from: ‘dplyr’ All declared Imports should be used. Flavors: r-devel-linux-x86_64-fedora-clang, r-devel-linux-x86_64-fedora-gcc