Last updated on 2025-10-31 20:48:55 CET.
| Flavor | Version | Tinstall | Tcheck | Ttotal | Status | Flags | 
|---|---|---|---|---|---|---|
| r-devel-linux-x86_64-debian-clang | 0.1.8 | 7.43 | 62.49 | 69.92 | NOTE | |
| r-devel-linux-x86_64-debian-gcc | 0.1.8 | 5.15 | 48.10 | 53.25 | NOTE | |
| r-devel-linux-x86_64-fedora-clang | 0.1.8 | 17.00 | 93.24 | 110.24 | NOTE | |
| r-devel-linux-x86_64-fedora-gcc | 0.1.8 | 17.00 | 106.39 | 123.39 | NOTE | |
| r-devel-windows-x86_64 | 0.1.8 | 8.00 | 71.00 | 79.00 | NOTE | |
| r-patched-linux-x86_64 | 0.1.8 | 7.34 | 58.77 | 66.11 | NOTE | |
| r-release-linux-x86_64 | 0.1.8 | 6.97 | 58.54 | 65.51 | NOTE | |
| r-release-macos-arm64 | 0.1.8 | 3.00 | 35.00 | 38.00 | NOTE | |
| r-release-macos-x86_64 | 0.1.8 | 8.00 | 71.00 | 79.00 | NOTE | |
| r-release-windows-x86_64 | 0.1.8 | 9.00 | 73.00 | 82.00 | NOTE | |
| r-oldrel-macos-arm64 | 0.1.8 | 3.00 | 35.00 | 38.00 | OK | |
| r-oldrel-macos-x86_64 | 0.1.8 | 4.00 | 49.00 | 53.00 | OK | |
| r-oldrel-windows-x86_64 | 0.1.8 | 12.00 | 88.00 | 100.00 | OK | 
Version: 0.1.8
Check: CRAN incoming feasibility
Result: NOTE
  Maintainer: ‘Jens von Bergmann <jens@mountainmath.ca>’
  
  No Authors@R field in DESCRIPTION.
  Please add one, modifying
    Authors@R: person(given = "Jens",
                      family = "von Bergmann",
                      role = c("aut", "cre"),
                      email = "jens@mountainmath.ca")
  as necessary.
Flavors: r-devel-linux-x86_64-debian-clang, r-devel-linux-x86_64-debian-gcc
Version: 0.1.8
Check: DESCRIPTION meta-information
Result: NOTE
    Missing dependency on R >= 4.1.0 because package code uses the pipe
    |> or function shorthand \(...) syntax added in R 4.1.0.
    File(s) using such syntax:
      ‘datasets.R’
Flavors: r-devel-linux-x86_64-debian-clang, r-devel-linux-x86_64-debian-gcc, r-devel-linux-x86_64-fedora-clang, r-devel-linux-x86_64-fedora-gcc, r-devel-windows-x86_64, r-patched-linux-x86_64, r-release-linux-x86_64, r-release-macos-arm64, r-release-macos-x86_64, r-release-windows-x86_64