Last updated on 2025-11-21 14:50:00 CET.
| Flavor | Version | Tinstall | Tcheck | Ttotal | Status | Flags |
|---|---|---|---|---|---|---|
| r-devel-linux-x86_64-debian-clang | 0.1.0 | 57.66 | 56.04 | 113.70 | NOTE | |
| r-devel-linux-x86_64-debian-gcc | 0.1.0 | 45.34 | 43.34 | 88.68 | NOTE | |
| r-devel-linux-x86_64-fedora-clang | 0.1.0 | 119.00 | 64.99 | 183.99 | OK | |
| r-devel-windows-x86_64 | 0.1.0 | 70.00 | 90.00 | 160.00 | OK | |
| r-patched-linux-x86_64 | 0.1.0 | 61.07 | 54.62 | 115.69 | OK | |
| r-release-linux-x86_64 | 0.1.0 | 65.31 | 54.13 | 119.44 | OK | |
| r-release-macos-arm64 | 0.1.0 | OK | ||||
| r-release-macos-x86_64 | 0.1.0 | 59.00 | 54.00 | 113.00 | OK | |
| r-release-windows-x86_64 | 0.1.0 | 63.00 | 82.00 | 145.00 | OK | |
| r-oldrel-macos-arm64 | 0.1.0 | NOTE | ||||
| r-oldrel-macos-x86_64 | 0.1.0 | 41.00 | 42.00 | 83.00 | NOTE | |
| r-oldrel-windows-x86_64 | 0.1.0 | 77.00 | 105.00 | 182.00 | OK |
Version: 0.1.0
Check: CRAN incoming feasibility
Result: NOTE
Maintainer: ‘Jiehuan Sun <jiehuan.sun@gmail.com>’
No Authors@R field in DESCRIPTION.
Please add one, modifying
Authors@R: person(given = "Jiehuan",
family = "Sun",
role = c("aut", "cre"),
email = "jiehuan.sun@gmail.com")
as necessary.
Flavors: r-devel-linux-x86_64-debian-clang, r-devel-linux-x86_64-debian-gcc
Version: 0.1.0
Check: installed package size
Result: NOTE
installed size is 7.8Mb
sub-directories of 1Mb or more:
libs 7.5Mb
Flavors: r-oldrel-macos-arm64, r-oldrel-macos-x86_64