Last updated on 2025-11-15 06:50:00 CET.
| Flavor | Version | Tinstall | Tcheck | Ttotal | Status | Flags |
|---|---|---|---|---|---|---|
| r-devel-linux-x86_64-debian-clang | 2.0.7 | 72.38 | 41.08 | 113.46 | OK | |
| r-devel-linux-x86_64-debian-gcc | 2.0.7 | 48.57 | 30.28 | 78.85 | OK | |
| r-devel-linux-x86_64-fedora-clang | 2.0.7 | 131.00 | 73.02 | 204.02 | OK | |
| r-devel-linux-x86_64-fedora-gcc | 2.0.7 | 77.00 | 118.43 | 195.43 | OK | |
| r-devel-windows-x86_64 | 2.0.7 | 92.00 | 75.00 | 167.00 | OK | |
| r-patched-linux-x86_64 | 2.0.7 | 71.40 | 39.30 | 110.70 | OK | |
| r-release-linux-x86_64 | 2.0.7 | 67.83 | 39.11 | 106.94 | OK | |
| r-release-macos-arm64 | 2.0.7 | 27.00 | 21.00 | 48.00 | OK | |
| r-release-macos-x86_64 | 2.0.7 | 29.00 | 36.00 | 65.00 | OK | |
| r-release-windows-x86_64 | 2.0.7 | 82.00 | 74.00 | 156.00 | OK | |
| r-oldrel-macos-arm64 | 2.0.7 | 25.00 | 24.00 | 49.00 | NOTE | |
| r-oldrel-macos-x86_64 | 2.0.7 | 31.00 | 41.00 | 72.00 | NOTE | |
| r-oldrel-windows-x86_64 | 2.0.7 | 101.00 | 91.00 | 192.00 | OK |
Version: 2.0.7
Check: installed package size
Result: NOTE
installed size is 6.2Mb
sub-directories of 1Mb or more:
libs 5.9Mb
Flavors: r-oldrel-macos-arm64, r-oldrel-macos-x86_64