Last updated on 2025-10-24 18:50:12 CEST.
| Flavor | Version | Tinstall | Tcheck | Ttotal | Status | Flags |
|---|---|---|---|---|---|---|
| r-devel-linux-x86_64-debian-clang | 1.0.1 | 7.04 | 59.88 | 66.92 | OK | |
| r-devel-linux-x86_64-debian-gcc | 1.0.1 | 4.64 | 42.82 | 47.46 | OK | |
| r-devel-linux-x86_64-fedora-clang | 1.0.1 | 16.00 | 89.48 | 105.48 | NOTE | |
| r-devel-linux-x86_64-fedora-gcc | 1.0.1 | 13.00 | 87.08 | 100.08 | NOTE | |
| r-devel-windows-x86_64 | 1.0.1 | 8.00 | 71.00 | 79.00 | OK | |
| r-patched-linux-x86_64 | 1.0.1 | 6.74 | 55.69 | 62.43 | OK | |
| r-release-linux-x86_64 | 1.0.1 | 5.90 | 55.72 | 61.62 | OK | |
| r-release-macos-arm64 | 1.0.1 | 2.00 | 26.00 | 28.00 | OK | |
| r-release-macos-x86_64 | 1.0.1 | 5.00 | 37.00 | 42.00 | OK | |
| r-release-windows-x86_64 | 1.0.1 | 8.00 | 71.00 | 79.00 | OK | |
| r-oldrel-macos-arm64 | 1.0.1 | 2.00 | 20.00 | 22.00 | NOTE | |
| r-oldrel-macos-x86_64 | 1.0.1 | 4.00 | 33.00 | 37.00 | NOTE | |
| r-oldrel-windows-x86_64 | 1.0.1 | 11.00 | 93.00 | 104.00 | NOTE |
Version: 1.0.1
Check: dependencies in R code
Result: NOTE
Namespace in Imports field not imported from: ‘dplyr’
All declared Imports should be used.
Flavors: r-devel-linux-x86_64-fedora-clang, r-devel-linux-x86_64-fedora-gcc
Version: 1.0.1
Check: LazyData
Result: NOTE
'LazyData' is specified without a 'data' directory
Flavors: r-oldrel-macos-arm64, r-oldrel-macos-x86_64, r-oldrel-windows-x86_64