Last updated on 2025-07-28 13:49:50 CEST.
Flavor | Version | Tinstall | Tcheck | Ttotal | Status | Flags |
---|---|---|---|---|---|---|
r-devel-linux-x86_64-debian-clang | 0.1.0 | 1.50 | 29.18 | 30.68 | OK | |
r-devel-linux-x86_64-debian-gcc | 0.1.0 | 1.54 | 23.94 | 25.48 | OK | |
r-devel-linux-x86_64-fedora-clang | 0.1.0 | 50.07 | OK | |||
r-devel-linux-x86_64-fedora-gcc | 0.1.0 | 61.86 | OK | |||
r-devel-windows-x86_64 | 0.1.0 | 4.00 | 57.00 | 61.00 | OK | |
r-patched-linux-x86_64 | 0.1.0 | 2.12 | 28.16 | 30.28 | NOTE | |
r-release-linux-x86_64 | 0.1.0 | 2.02 | 28.04 | 30.06 | NOTE | |
r-release-macos-arm64 | 0.1.0 | 43.00 | OK | |||
r-release-macos-x86_64 | 0.1.0 | 52.00 | OK | |||
r-release-windows-x86_64 | 0.1.0 | 4.00 | 50.00 | 54.00 | OK | |
r-oldrel-macos-arm64 | 0.1.0 | 26.00 | OK | |||
r-oldrel-macos-x86_64 | 0.1.0 | 69.00 | OK | |||
r-oldrel-windows-x86_64 | 0.1.0 | 5.00 | 56.00 | 61.00 | OK |
Version: 0.1.0
Check: DESCRIPTION meta-information
Result: NOTE
Dependence on R version ‘4.3.2’ not with patchlevel 0
Flavors: r-patched-linux-x86_64, r-release-linux-x86_64