Last updated on 2025-10-24 05:51:01 CEST.
| Flavor | Version | Tinstall | Tcheck | Ttotal | Status | Flags |
|---|---|---|---|---|---|---|
| r-devel-linux-x86_64-debian-clang | 1.7.0 | 32.44 | 282.07 | 314.51 | OK | |
| r-devel-linux-x86_64-debian-gcc | 1.7.0 | 22.25 | 180.56 | 202.81 | OK | |
| r-devel-linux-x86_64-fedora-clang | 1.7.0 | 97.00 | 437.47 | 534.47 | OK | |
| r-devel-linux-x86_64-fedora-gcc | 1.7.0 | 207.00 | 327.82 | 534.82 | OK | |
| r-devel-windows-x86_64 | 1.7.0 | 47.00 | 286.00 | 333.00 | OK | |
| r-patched-linux-x86_64 | 1.7.0 | 33.46 | 265.27 | 298.73 | OK | |
| r-release-linux-x86_64 | 1.7.0 | 32.28 | 267.61 | 299.89 | OK | |
| r-release-macos-arm64 | 1.7.0 | 13.00 | 112.00 | 125.00 | OK | |
| r-release-macos-x86_64 | 1.7.0 | 46.00 | 240.00 | 286.00 | OK | |
| r-release-windows-x86_64 | 1.7.0 | 46.00 | 303.00 | 349.00 | OK | |
| r-oldrel-macos-arm64 | 1.7.0 | 14.00 | 117.00 | 131.00 | NOTE | |
| r-oldrel-macos-x86_64 | 1.7.0 | 20.00 | 304.00 | 324.00 | NOTE | |
| r-oldrel-windows-x86_64 | 1.7.0 | 60.00 | 396.00 | 456.00 | NOTE |
Version: 1.7.0
Check: installed package size
Result: NOTE
installed size is 6.3Mb
sub-directories of 1Mb or more:
datasets 1.6Mb
doc 1.3Mb
libs 1.7Mb
Flavors: r-oldrel-macos-arm64, r-oldrel-macos-x86_64, r-oldrel-windows-x86_64