Last updated on 2025-11-16 18:49:48 CET.
| Flavor | Version | Tinstall | Tcheck | Ttotal | Status | Flags |
|---|---|---|---|---|---|---|
| r-devel-linux-x86_64-debian-clang | 2.11.1 | 67.09 | 207.58 | 274.67 | OK | |
| r-devel-linux-x86_64-debian-gcc | 2.11.1 | 46.90 | 149.17 | 196.07 | NOTE | |
| r-devel-linux-x86_64-fedora-clang | 2.11.1 | 498.00 | -11.16 | 486.84 | OK | |
| r-devel-linux-x86_64-fedora-gcc | 2.11.1 | 163.00 | 292.65 | 455.65 | OK | |
| r-devel-windows-x86_64 | 2.11.1 | 90.00 | 229.00 | 319.00 | OK | |
| r-patched-linux-x86_64 | 2.11.1 | 67.54 | 201.34 | 268.88 | OK | |
| r-release-linux-x86_64 | 2.11.1 | 65.45 | 201.62 | 267.07 | OK | |
| r-release-macos-arm64 | 2.11.1 | 28.00 | 98.00 | 126.00 | OK | |
| r-release-macos-x86_64 | 2.11.1 | 28.00 | 258.00 | 286.00 | OK | |
| r-release-windows-x86_64 | 2.11.1 | 82.00 | 323.00 | 405.00 | OK | |
| r-oldrel-macos-arm64 | 2.11.1 | 27.00 | 102.00 | 129.00 | NOTE | |
| r-oldrel-macos-x86_64 | 2.11.1 | 26.00 | 256.00 | 282.00 | NOTE | |
| r-oldrel-windows-x86_64 | 2.11.1 | 96.00 | 311.00 | 407.00 | NOTE |
Version: 2.11.1
Check: CRAN incoming feasibility
Result: NOTE
Maintainer: ‘Martin R. Smith <martin.smith@durham.ac.uk>’
The BugReports field in DESCRIPTION has
https://github.com/ms609/TreeDist/issues/
which should likely be
https://github.com/ms609/TreeDist/issues/issues
instead.
Flavor: r-devel-linux-x86_64-debian-gcc
Version: 2.11.1
Check: package dependencies
Result: NOTE
Package suggested but not available for checking: ‘TreeDistData’
Flavors: r-oldrel-macos-arm64, r-oldrel-macos-x86_64, r-oldrel-windows-x86_64
Version: 2.11.1
Check: installed package size
Result: NOTE
installed size is 6.3Mb
sub-directories of 1Mb or more:
doc 1.2Mb
libs 4.4Mb
Flavors: r-oldrel-macos-arm64, r-oldrel-macos-x86_64