Last updated on 2025-10-31 14:49:57 CET.
| Flavor | Version | Tinstall | Tcheck | Ttotal | Status | Flags | 
|---|---|---|---|---|---|---|
| r-devel-linux-x86_64-debian-clang | 2.1.1 | 14.90 | 114.72 | 129.62 | NOTE | |
| r-devel-linux-x86_64-debian-gcc | 2.1.1 | 9.86 | 77.60 | 87.46 | NOTE | |
| r-devel-linux-x86_64-fedora-clang | 2.1.1 | 30.00 | 165.32 | 195.32 | NOTE | |
| r-devel-linux-x86_64-fedora-gcc | 2.1.1 | 27.00 | 155.47 | 182.47 | NOTE | |
| r-devel-windows-x86_64 | 2.1.1 | 15.00 | 107.00 | 122.00 | NOTE | |
| r-patched-linux-x86_64 | 2.1.1 | 13.05 | 104.62 | 117.67 | NOTE | |
| r-release-linux-x86_64 | 2.1.1 | 14.52 | 104.43 | 118.95 | NOTE | |
| r-release-macos-arm64 | 2.1.1 | 6.00 | 41.00 | 47.00 | NOTE | |
| r-release-macos-x86_64 | 2.1.1 | 13.00 | 76.00 | 89.00 | NOTE | |
| r-release-windows-x86_64 | 2.1.1 | 16.00 | 110.00 | 126.00 | NOTE | |
| r-oldrel-macos-arm64 | 2.1.1 | 6.00 | 40.00 | 46.00 | NOTE | |
| r-oldrel-macos-x86_64 | 2.1.1 | 9.00 | 64.00 | 73.00 | NOTE | |
| r-oldrel-windows-x86_64 | 2.1.1 | 21.00 | 142.00 | 163.00 | NOTE | 
Version: 2.1.1
Check: CRAN incoming feasibility
Result: NOTE
  Maintainer: ‘Marshall Brown <mdbrown@fhcrc.org>’
  
  No Authors@R field in DESCRIPTION.
  Please add one, modifying
    Authors@R: c(person(given = "Marshall",
                        family = "Brown",
                        role = c("aut", "cre"),
                        email = "mdbrown@fhcrc.org"),
                 person(given = "Holly",
                        family = "Janes",
                        role = "aut"))
  as necessary.
Flavors: r-devel-linux-x86_64-debian-clang, r-devel-linux-x86_64-debian-gcc
Version: 2.1.1
Check: Rd files
Result: NOTE
  checkRd: (-1) trtsel.Rd:69: Lost braces; missing escapes or markup?
      69 | numeric with two values {0,1} and gaussian(link = "identity") otherwise.
         |                         ^
Flavors: r-devel-linux-x86_64-debian-clang, r-devel-linux-x86_64-debian-gcc, r-devel-linux-x86_64-fedora-clang, r-devel-linux-x86_64-fedora-gcc, r-devel-windows-x86_64, r-patched-linux-x86_64, r-release-linux-x86_64, r-release-macos-arm64, r-release-macos-x86_64, r-release-windows-x86_64, r-oldrel-macos-arm64, r-oldrel-macos-x86_64, r-oldrel-windows-x86_64