CRAN Package Check Results for Package TimeVTree

Last updated on 2025-10-22 17:49:54 CEST.

Flavor Version Tinstall Tcheck Ttotal Status Flags
r-devel-linux-x86_64-debian-clang 0.3.1 6.31 72.86 79.17 NOTE
r-devel-linux-x86_64-debian-gcc 0.3.1 4.68 52.26 56.94 NOTE
r-devel-linux-x86_64-fedora-clang 0.3.1 15.00 107.92 122.92 NOTE
r-devel-linux-x86_64-fedora-gcc 0.3.1 16.00 105.93 121.93 NOTE
r-devel-windows-x86_64 0.3.1 7.00 86.00 93.00 NOTE
r-patched-linux-x86_64 0.3.1 6.94 71.06 78.00 NOTE
r-release-linux-x86_64 0.3.1 7.33 72.13 79.46 NOTE
r-release-macos-arm64 0.3.1 3.00 43.00 46.00 NOTE
r-release-macos-x86_64 0.3.1 8.00 79.00 87.00 NOTE
r-release-windows-x86_64 0.3.1 8.00 84.00 92.00 NOTE
r-oldrel-macos-arm64 0.3.1 3.00 37.00 40.00 NOTE
r-oldrel-macos-x86_64 0.3.1 6.00 57.00 63.00 NOTE
r-oldrel-windows-x86_64 0.3.1 11.00 99.00 110.00 NOTE

Check Details

Version: 0.3.1
Check: Rd files
Result: NOTE checkRd: (-1) alcohol.Rd:16-18: Lost braces in \itemize; meant \describe ? checkRd: (-1) alcohol.Rd:19-21: Lost braces in \itemize; meant \describe ? checkRd: (-1) alcohol.Rd:22-26: Lost braces in \itemize; meant \describe ? Flavors: r-devel-linux-x86_64-debian-clang, r-devel-linux-x86_64-debian-gcc, r-devel-linux-x86_64-fedora-clang, r-devel-linux-x86_64-fedora-gcc, r-devel-windows-x86_64, r-patched-linux-x86_64, r-release-linux-x86_64, r-release-macos-arm64, r-release-macos-x86_64, r-release-windows-x86_64, r-oldrel-macos-arm64, r-oldrel-macos-x86_64, r-oldrel-windows-x86_64