Last updated on 2025-10-25 00:49:52 CEST.
| Flavor | Version | Tinstall | Tcheck | Ttotal | Status | Flags |
|---|---|---|---|---|---|---|
| r-devel-linux-x86_64-debian-clang | 1.0.3 | 2.68 | 52.20 | 54.88 | NOTE | |
| r-devel-linux-x86_64-debian-gcc | 1.0.3 | 2.05 | 39.06 | 41.11 | NOTE | |
| r-devel-linux-x86_64-fedora-clang | 1.0.3 | 84.75 | OK | |||
| r-devel-linux-x86_64-fedora-gcc | 1.0.3 | 96.32 | OK | |||
| r-devel-windows-x86_64 | 1.0.3 | 4.00 | 73.00 | 77.00 | OK | |
| r-patched-linux-x86_64 | 1.0.3 | 2.59 | 49.51 | 52.10 | OK | |
| r-release-linux-x86_64 | 1.0.3 | 2.31 | 49.00 | 51.31 | OK | |
| r-release-macos-arm64 | 1.0.3 | 1.00 | 38.00 | 39.00 | OK | |
| r-release-macos-x86_64 | 1.0.3 | 2.00 | 74.00 | 76.00 | OK | |
| r-release-windows-x86_64 | 1.0.3 | 4.00 | 140.00 | 144.00 | OK | |
| r-oldrel-macos-arm64 | 1.0.3 | 1.00 | 31.00 | 32.00 | OK | |
| r-oldrel-macos-x86_64 | 1.0.3 | 2.00 | 48.00 | 50.00 | OK | |
| r-oldrel-windows-x86_64 | 1.0.3 | 5.00 | 84.00 | 89.00 | OK |
Version: 1.0.3
Check: CRAN incoming feasibility
Result: NOTE
Maintainer: ‘Michael Milton <michael.r.milton@gmail.com>’
No Authors@R field in DESCRIPTION.
Please add one, modifying
Authors@R: person(given = "Michael",
family = "Milton",
role = c("aut", "cre"),
email = "michael.r.milton@gmail.com")
as necessary.
Flavors: r-devel-linux-x86_64-debian-clang, r-devel-linux-x86_64-debian-gcc