CRAN Package Check Results for Package TeachingSampling

Last updated on 2025-07-13 04:49:04 CEST.

Flavor Version Tinstall Tcheck Ttotal Status Flags
r-devel-linux-x86_64-debian-clang 4.1.1 5.76 65.57 71.33 NOTE
r-devel-linux-x86_64-debian-gcc 4.1.1 4.08 47.42 51.50 NOTE
r-devel-linux-x86_64-fedora-clang 4.1.1 107.69 OK
r-devel-linux-x86_64-fedora-gcc 4.1.1 100.28 OK
r-devel-windows-x86_64 4.1.1 8.00 90.00 98.00 OK
r-patched-linux-x86_64 4.1.1 6.85 62.01 68.86 OK
r-release-linux-x86_64 4.1.1 5.69 60.75 66.44 OK
r-release-macos-arm64 4.1.1 43.00 OK
r-release-macos-x86_64 4.1.1 66.00 OK
r-release-windows-x86_64 4.1.1 7.00 101.00 108.00 OK
r-oldrel-macos-arm64 4.1.1 33.00 OK
r-oldrel-macos-x86_64 4.1.1 57.00 OK
r-oldrel-windows-x86_64 4.1.1 10.00 105.00 115.00 OK

Check Details

Version: 4.1.1
Check: CRAN incoming feasibility
Result: NOTE Maintainer: ‘Hugo Andres Gutierrez Rojas <hagutierrezro@gmail.com>’ No Authors@R field in DESCRIPTION. Please add one, modifying Authors@R: person(given = c("Hugo", "Andres", "Gutierrez"), family = "Rojas", role = c("aut", "cre"), email = "hagutierrezro@gmail.com") as necessary. Flavors: r-devel-linux-x86_64-debian-clang, r-devel-linux-x86_64-debian-gcc