Last updated on 2025-10-31 20:48:54 CET.
| Flavor | Version | Tinstall | Tcheck | Ttotal | Status | Flags | 
|---|---|---|---|---|---|---|
| r-devel-linux-x86_64-debian-clang | 0.1.1 | 2.22 | 33.93 | 36.15 | NOTE | |
| r-devel-linux-x86_64-debian-gcc | 0.1.1 | 1.70 | 25.34 | 27.04 | NOTE | |
| r-devel-linux-x86_64-fedora-clang | 0.1.1 | 55.51 | OK | |||
| r-devel-linux-x86_64-fedora-gcc | 0.1.1 | 83.73 | OK | |||
| r-devel-windows-x86_64 | 0.1.1 | 5.00 | 53.00 | 58.00 | OK | |
| r-patched-linux-x86_64 | 0.1.1 | 2.69 | 32.56 | 35.25 | OK | |
| r-release-linux-x86_64 | 0.1.1 | 2.40 | 32.65 | 35.05 | OK | |
| r-release-macos-arm64 | 0.1.1 | 1.00 | 48.00 | 49.00 | OK | |
| r-release-macos-x86_64 | 0.1.1 | 2.00 | 83.00 | 85.00 | OK | |
| r-release-windows-x86_64 | 0.1.1 | 3.00 | 54.00 | 57.00 | OK | |
| r-oldrel-macos-arm64 | 0.1.1 | 1.00 | 33.00 | 34.00 | OK | |
| r-oldrel-macos-x86_64 | 0.1.1 | 2.00 | 82.00 | 84.00 | OK | |
| r-oldrel-windows-x86_64 | 0.1.1 | 4.00 | 62.00 | 66.00 | OK | 
Version: 0.1.1
Check: CRAN incoming feasibility
Result: NOTE
  Maintainer: ‘Jacques Allard <jacques.allard@gmail.com>’
  
  No Authors@R field in DESCRIPTION.
  Please add one, modifying
    Authors@R: c(person(given = "Jacques",
                        family = "Allard",
                        role = c("aut", "cre"),
                        email = "jacques.allard@gmail.com"),
                 person(given = "Vartan",
                        family = "Choulakian",
                        role = "aut"))
  as necessary.
Flavors: r-devel-linux-x86_64-debian-clang, r-devel-linux-x86_64-debian-gcc