Last updated on 2025-10-31 07:52:03 CET.
| Flavor | Version | Tinstall | Tcheck | Ttotal | Status | Flags | 
|---|---|---|---|---|---|---|
| r-devel-linux-x86_64-debian-clang | 0.1.1 | 10.88 | 82.01 | 92.89 | NOTE | |
| r-devel-linux-x86_64-debian-gcc | 0.1.1 | 9.71 | 69.22 | 78.93 | NOTE | |
| r-devel-linux-x86_64-fedora-clang | 0.1.1 | 26.00 | 122.67 | 148.67 | OK | |
| r-devel-linux-x86_64-fedora-gcc | 0.1.1 | 26.00 | 116.17 | 142.17 | OK | |
| r-devel-windows-x86_64 | 0.1.1 | 12.00 | 86.00 | 98.00 | OK | |
| r-patched-linux-x86_64 | 0.1.1 | 11.51 | 74.79 | 86.30 | OK | |
| r-release-linux-x86_64 | 0.1.1 | 11.26 | 74.65 | 85.91 | OK | |
| r-release-macos-arm64 | 0.1.1 | 13.00 | 85.00 | 98.00 | OK | |
| r-release-macos-x86_64 | 0.1.1 | 30.00 | 173.00 | 203.00 | OK | |
| r-release-windows-x86_64 | 0.1.1 | 12.00 | 84.00 | 96.00 | OK | |
| r-oldrel-macos-arm64 | 0.1.1 | 7.00 | 41.00 | 48.00 | OK | |
| r-oldrel-macos-x86_64 | 0.1.1 | 10.00 | 61.00 | 71.00 | OK | |
| r-oldrel-windows-x86_64 | 0.1.1 | 17.00 | 100.00 | 117.00 | OK | 
Version: 0.1.1
Check: CRAN incoming feasibility
Result: NOTE
  Maintainer: ‘Marco Albrecht <marco.albrecht@posteo.de>’
  
  No Authors@R field in DESCRIPTION.
  Please add one, modifying
    Authors@R: person(given = "Marco",
                      family = "Albrecht",
                      role = c("aut", "cre"),
                      email = "marco.albrecht@posteo.de")
  as necessary.
Flavors: r-devel-linux-x86_64-debian-clang, r-devel-linux-x86_64-debian-gcc