Last updated on 2025-11-04 21:56:28 CET.
| Flavor | Version | Tinstall | Tcheck | Ttotal | Status | Flags |
|---|---|---|---|---|---|---|
| r-devel-linux-x86_64-debian-clang | 3.1.0 | 15.78 | 123.90 | 139.68 | NOTE | |
| r-devel-linux-x86_64-debian-gcc | 3.1.0 | 11.00 | 85.57 | 96.57 | NOTE | |
| r-devel-linux-x86_64-fedora-clang | 3.1.0 | 33.00 | 179.42 | 212.42 | OK | |
| r-devel-linux-x86_64-fedora-gcc | 3.1.0 | 33.00 | 168.35 | 201.35 | OK | |
| r-devel-windows-x86_64 | 3.1.0 | 16.00 | 149.00 | 165.00 | OK | |
| r-patched-linux-x86_64 | 3.1.0 | 16.16 | 117.72 | 133.88 | OK | |
| r-release-linux-x86_64 | 3.1.0 | 14.68 | 117.13 | 131.81 | OK | |
| r-release-macos-arm64 | 3.1.0 | 6.00 | 46.00 | 52.00 | OK | |
| r-release-macos-x86_64 | 3.1.0 | 12.00 | 85.00 | 97.00 | OK | |
| r-release-windows-x86_64 | 3.1.0 | 17.00 | 140.00 | 157.00 | OK | |
| r-oldrel-macos-arm64 | 3.1.0 | 6.00 | 44.00 | 50.00 | OK | |
| r-oldrel-macos-x86_64 | 3.1.0 | 9.00 | 72.00 | 81.00 | OK | |
| r-oldrel-windows-x86_64 | 3.1.0 | 25.00 | 176.00 | 201.00 | OK |
Version: 3.1.0
Check: CRAN incoming feasibility
Result: NOTE
Maintainer: ‘Wei Jiang <jiangwei@hrbmu.edu.cn>’
No Authors@R field in DESCRIPTION.
Please add one, modifying
Authors@R: person(given = "Wei",
family = "Jiang",
role = c("aut", "cre"),
email = "jiangwei@hrbmu.edu.cn")
as necessary.
Flavors: r-devel-linux-x86_64-debian-clang, r-devel-linux-x86_64-debian-gcc