Last updated on 2025-10-24 18:50:12 CEST.
| Flavor | Version | Tinstall | Tcheck | Ttotal | Status | Flags |
|---|---|---|---|---|---|---|
| r-devel-linux-x86_64-debian-clang | 0.1.0 | 10.91 | 18.35 | 29.26 | OK | |
| r-devel-linux-x86_64-debian-gcc | 0.1.0 | 6.90 | 14.46 | 21.36 | OK | |
| r-devel-linux-x86_64-fedora-clang | 0.1.0 | 25.00 | 21.52 | 46.52 | OK | |
| r-devel-linux-x86_64-fedora-gcc | 0.1.0 | 20.00 | 22.14 | 42.14 | OK | |
| r-devel-windows-x86_64 | 0.1.0 | 10.00 | 64.00 | 74.00 | OK | |
| r-patched-linux-x86_64 | 0.1.0 | 10.45 | 18.03 | 28.48 | OK | |
| r-release-linux-x86_64 | 0.1.0 | 10.28 | 17.44 | 27.72 | OK | |
| r-release-macos-arm64 | 0.1.0 | 6.00 | 16.00 | 22.00 | OK | |
| r-release-macos-x86_64 | 0.1.0 | 10.00 | 21.00 | 31.00 | OK | |
| r-release-windows-x86_64 | 0.1.0 | 10.00 | 37.00 | 47.00 | OK | |
| r-oldrel-macos-arm64 | 0.1.0 | 7.00 | 15.00 | 22.00 | NOTE | |
| r-oldrel-macos-x86_64 | 0.1.0 | 8.00 | 20.00 | 28.00 | NOTE | |
| r-oldrel-windows-x86_64 | 0.1.0 | 10.00 | 44.00 | 54.00 | NOTE |
Version: 0.1.0
Check: installed package size
Result: NOTE
installed size is 13.0Mb
sub-directories of 1Mb or more:
data 13.0Mb
Flavors: r-oldrel-macos-arm64, r-oldrel-macos-x86_64, r-oldrel-windows-x86_64